CRAN Package Check Results for Package sass

Last updated on 2025-04-16 20:48:52 CEST.

Flavor Version Tinstall Tcheck Ttotal Status Flags
r-devel-linux-x86_64-debian-clang 0.4.10 175.24 46.93 222.17 OK
r-devel-linux-x86_64-debian-gcc 0.4.10 115.40 37.41 152.81 OK
r-devel-linux-x86_64-fedora-clang 0.4.10 562.33 OK
r-devel-linux-x86_64-fedora-gcc 0.4.10 415.44 OK
r-devel-windows-x86_64 0.4.10 236.00 103.00 339.00 OK
r-patched-linux-x86_64 0.4.10 170.09 49.36 219.45 OK
r-release-linux-x86_64 0.4.10 163.11 48.80 211.91 OK
r-release-macos-arm64 0.4.10 113.00 OK
r-release-macos-x86_64 0.4.10 264.00 OK
r-release-windows-x86_64 0.4.10 209.00 111.00 320.00 OK
r-oldrel-macos-arm64 0.4.10 110.00 NOTE
r-oldrel-macos-x86_64 0.4.10 281.00 NOTE
r-oldrel-windows-x86_64 0.4.10 286.00 139.00 425.00 NOTE

Additional issues

rchk

Check Details

Version: 0.4.10
Check: installed package size
Result: NOTE installed size is 5.4Mb sub-directories of 1Mb or more: doc 1.7Mb libs 3.3Mb Flavors: r-oldrel-macos-arm64, r-oldrel-macos-x86_64, r-oldrel-windows-x86_64

Version: 0.4.10
Check: for GNU extensions in Makefiles
Result: NOTE GNU make is a SystemRequirements. Flavors: r-oldrel-macos-arm64, r-oldrel-macos-x86_64, r-oldrel-windows-x86_64