CRAN Package Check Results for Package sarima

Last updated on 2022-09-28 21:51:49 CEST.

Flavor Version Tinstall Tcheck Ttotal Status Flags
r-devel-linux-x86_64-debian-clang 0.9.1 75.91 308.83 384.74 NOTE
r-devel-linux-x86_64-debian-gcc 0.9.1 65.40 224.41 289.81 NOTE
r-devel-linux-x86_64-fedora-clang 0.9.1 509.23 NOTE
r-devel-linux-x86_64-fedora-gcc 0.9.1 499.32 NOTE
r-devel-windows-x86_64 0.9.1 106.00 382.00 488.00 OK
r-patched-linux-x86_64 0.9.1 67.03 311.67 378.70 NOTE
r-release-linux-x86_64 0.9.1 58.99 306.55 365.54 NOTE
r-release-macos-arm64 0.9.1 117.00 OK
r-release-macos-x86_64 0.9.1 161.00 NOTE
r-release-windows-x86_64 0.9.1 94.00 384.00 478.00 OK
r-oldrel-macos-arm64 0.9.1 105.00 OK
r-oldrel-macos-x86_64 0.9.1 159.00 OK
r-oldrel-windows-ix86+x86_64 0.9.1 181.00 631.00 812.00 OK

Check Details

Version: 0.9.1
Check: package dependencies
Result: NOTE
    Package suggested but not available for checking: 'FitARMA'
Flavors: r-devel-linux-x86_64-debian-clang, r-devel-linux-x86_64-debian-gcc, r-devel-linux-x86_64-fedora-clang, r-devel-linux-x86_64-fedora-gcc, r-patched-linux-x86_64, r-release-linux-x86_64, r-release-macos-x86_64