Last updated on 2024-04-18 21:57:04 CEST.
Flavor | Version | Tinstall | Tcheck | Ttotal | Status | Flags |
---|---|---|---|---|---|---|
r-devel-linux-x86_64-debian-clang | 1.2.4 | 9.19 | 234.80 | 243.99 | OK | |
r-devel-linux-x86_64-debian-gcc | 1.2.4 | 7.06 | 173.63 | 180.69 | OK | |
r-devel-linux-x86_64-fedora-clang | 1.2.4 | 298.02 | OK | |||
r-devel-linux-x86_64-fedora-gcc | 1.2.4 | 302.00 | OK | |||
r-prerel-macos-arm64 | 1.2.4 | 86.00 | OK | |||
r-prerel-macos-x86_64 | 1.2.4 | 205.00 | OK | |||
r-prerel-windows-x86_64 | 1.2.4 | 12.00 | 166.00 | 178.00 | OK | |
r-patched-linux-x86_64 | 1.2.4 | 9.20 | 227.96 | 237.16 | OK | |
r-release-linux-x86_64 | 1.2.4 | 7.63 | 226.12 | 233.75 | OK | |
r-release-macos-arm64 | 1.2.4 | 10.00 | ERROR | |||
r-release-macos-x86_64 | 1.2.4 | 7.00 | ERROR | |||
r-release-windows-x86_64 | 1.2.4 | 11.00 | 213.00 | 224.00 | OK | |
r-oldrel-macos-arm64 | 1.2.4 | 10.00 | ERROR | |||
r-oldrel-windows-x86_64 | 1.2.4 | 12.00 | 11.00 | 23.00 | ERROR |
Version: 1.2.4
Check: package dependencies
Result: ERROR
Package required and available but unsuitable version: ‘pcaMethods’
See section ‘The DESCRIPTION file’ in the ‘Writing R Extensions’
manual.
Flavors: r-release-macos-arm64, r-release-macos-x86_64, r-oldrel-macos-arm64, r-oldrel-windows-x86_64