CRAN Package Check Results for Package sankey

Last updated on 2025-11-23 20:49:01 CET.

Flavor Version Tinstall Tcheck Ttotal Status Flags
r-devel-linux-x86_64-debian-clang 1.0.2 2.07 35.18 37.25 NOTE
r-devel-linux-x86_64-debian-gcc 1.0.2 1.31 25.81 27.12 NOTE
r-devel-linux-x86_64-fedora-clang 1.0.2 60.07 OK
r-devel-linux-x86_64-fedora-gcc 1.0.2 56.88 OK
r-devel-windows-x86_64 1.0.2 6.00 50.00 56.00 OK
r-patched-linux-x86_64 1.0.2 2.22 34.43 36.65 OK
r-release-linux-x86_64 1.0.2 2.32 33.39 35.71 OK
r-release-macos-arm64 1.0.2 OK
r-release-macos-x86_64 1.0.2 2.00 33.00 35.00 OK
r-release-windows-x86_64 1.0.2 4.00 95.00 99.00 OK
r-oldrel-macos-arm64 1.0.2 NOTE
r-oldrel-macos-x86_64 1.0.2 2.00 28.00 30.00 NOTE
r-oldrel-windows-x86_64 1.0.2 4.00 59.00 63.00 NOTE

Check Details

Version: 1.0.2
Check: CRAN incoming feasibility
Result: NOTE Maintainer: ‘Gábor Csárdi <csardi.gabor@gmail.com>’ No Authors@R field in DESCRIPTION. Please add one, modifying Authors@R: c(person(given = "Gábor", family = "Csárdi", role = c("aut", "cre"), email = "csardi.gabor@gmail.com"), person(given = "January", family = "Weiner", role = "aut")) as necessary. Flavors: r-devel-linux-x86_64-debian-clang, r-devel-linux-x86_64-debian-gcc

Version: 1.0.2
Check: LazyData
Result: NOTE 'LazyData' is specified without a 'data' directory Flavors: r-oldrel-macos-arm64, r-oldrel-macos-x86_64, r-oldrel-windows-x86_64