CRAN Package Check Results for Package sand

Last updated on 2022-12-02 20:53:25 CET.

Flavor Version Tinstall Tcheck Ttotal Status Flags
r-devel-linux-x86_64-debian-clang 2.0.0 3.71 36.94 40.65 NOTE
r-devel-linux-x86_64-debian-gcc 2.0.0 2.08 28.65 30.73 NOTE
r-devel-linux-x86_64-fedora-clang 2.0.0 64.96 NOTE
r-devel-linux-x86_64-fedora-gcc 2.0.0 63.56 NOTE
r-devel-windows-x86_64 2.0.0 16.00 68.00 84.00 OK
r-patched-linux-x86_64 2.0.0 3.92 34.72 38.64 NOTE
r-release-linux-x86_64 2.0.0 3.17 35.38 38.55 NOTE
r-release-macos-arm64 2.0.0 22.00 NOTE
r-release-macos-x86_64 2.0.0 24.00 NOTE
r-release-windows-x86_64 2.0.0 19.00 69.00 88.00 OK
r-oldrel-macos-arm64 2.0.0 25.00 NOTE
r-oldrel-macos-x86_64 2.0.0 34.00 NOTE
r-oldrel-windows-ix86+x86_64 2.0.0 8.00 59.00 67.00 OK

Check Details

Version: 2.0.0
Check: package dependencies
Result: NOTE
    Package suggested but not available for checking: 'networkTomography'
Flavors: r-devel-linux-x86_64-debian-clang, r-devel-linux-x86_64-debian-gcc, r-devel-linux-x86_64-fedora-clang, r-devel-linux-x86_64-fedora-gcc, r-patched-linux-x86_64, r-release-linux-x86_64

Version: 2.0.0
Check: data for non-ASCII characters
Result: NOTE
     Note: found 6 marked UTF-8 strings
Flavors: r-devel-linux-x86_64-fedora-clang, r-devel-linux-x86_64-fedora-gcc, r-release-macos-arm64, r-release-macos-x86_64, r-oldrel-macos-arm64, r-oldrel-macos-x86_64

Version: 2.0.0
Check: package dependencies
Result: NOTE
    Packages suggested but not available for checking:
     'GO.db', 'GOstats', 'org.Sc.sgd.db'
Flavors: r-release-macos-arm64, r-oldrel-macos-arm64

Version: 2.0.0
Check: package dependencies
Result: NOTE
    Packages suggested but not available for checking: 'GO.db', 'org.Sc.sgd.db'
Flavor: r-oldrel-macos-x86_64