Last updated on 2024-04-18 21:57:04 CEST.
Flavor | Version | Tinstall | Tcheck | Ttotal | Status | Flags |
---|---|---|---|---|---|---|
r-devel-linux-x86_64-debian-clang | 3.2.1 | 226.44 | 489.82 | 716.26 | WARN | |
r-devel-linux-x86_64-debian-gcc | 3.2.1 | 183.66 | 347.02 | 530.68 | OK | |
r-devel-linux-x86_64-fedora-clang | 3.2.1 | 886.72 | OK | |||
r-devel-linux-x86_64-fedora-gcc | 3.2.1 | 923.80 | OK | |||
r-prerel-macos-arm64 | 3.2.1 | 197.00 | NOTE | |||
r-prerel-windows-x86_64 | 3.2.1 | 166.00 | 315.00 | 481.00 | OK | |
r-patched-linux-x86_64 | 3.2.1 | 231.29 | 462.34 | 693.63 | OK | |
r-release-linux-x86_64 | 3.2.1 | 223.56 | 461.99 | 685.55 | OK | |
r-release-macos-arm64 | 3.2.1 | 209.00 | NOTE | |||
r-release-macos-x86_64 | 3.2.1 | 542.00 | NOTE | |||
r-release-windows-x86_64 | 3.2.1 | 213.00 | 432.00 | 645.00 | OK | |
r-oldrel-macos-arm64 | 3.2.1 | 208.00 | NOTE | |||
r-oldrel-windows-x86_64 | 3.2.1 | 211.00 | 408.00 | 619.00 | OK |
Version: 3.2.1
Check: whether package can be installed
Result: WARN
Found the following significant warnings:
/usr/bin/../lib/gcc/x86_64-linux-gnu/14/../../../../include/c++/14/functional:558:2: warning: 'result_of<(lambda at /home/hornik/tmp/R.check/r-devel-clang/Work/build/Packages/RcppThread/include/RcppThread/ThreadPool.hpp:187:24) &()>' is deprecated: use 'std::invoke_result' instead [-Wdeprecated-declarations]
/usr/bin/../lib/gcc/x86_64-linux-gnu/14/../../../../include/c++/14/functional:558:2: warning: 'result_of<std::_Bind<(lambda at /home/hornik/tmp/R.check/r-devel-clang/Work/build/Packages/RcppThread/include/RcppThread/ThreadPool.hpp:187:24) ()> &()>' is deprecated: use 'std::invoke_result' instead [-Wdeprecated-declarations]
/usr/bin/../lib/gcc/x86_64-linux-gnu/14/../../../../include/c++/14/functional:558:2: warning: 'result_of<(lambda at /home/hornik/tmp/R.check/r-devel-clang/Work/build/Packages/RcppThread/include/RcppThread/ThreadPool.hpp:200:24) &()>' is deprecated: use 'std::invoke_result' instead [-Wdeprecated-declarations]
/usr/bin/../lib/gcc/x86_64-linux-gnu/14/../../../../include/c++/14/functional:558:2: warning: 'result_of<std::_Bind<(lambda at /home/hornik/tmp/R.check/r-devel-clang/Work/build/Packages/RcppThread/include/RcppThread/ThreadPool.hpp:200:24) ()> &()>' is deprecated: use 'std::invoke_result' instead [-Wdeprecated-declarations]
See ‘/home/hornik/tmp/R.check/r-devel-clang/Work/PKGS/samc.Rcheck/00install.out’ for details.
* used C++ compiler: ‘Debian clang version 18.1.0 (rc4-1)’
Flavor: r-devel-linux-x86_64-debian-clang
Version: 3.2.1
Check: installed package size
Result: NOTE
installed size is 16.2Mb
sub-directories of 1Mb or more:
libs 15.1Mb
Flavors: r-prerel-macos-arm64, r-release-macos-arm64, r-release-macos-x86_64, r-oldrel-macos-arm64