Last updated on 2024-07-17 20:57:11 CEST.
Flavor | Version | Tinstall | Tcheck | Ttotal | Status | Flags |
---|---|---|---|---|---|---|
r-devel-linux-x86_64-debian-clang | 1.0.1 | 2.42 | 26.82 | 29.24 | OK | |
r-devel-linux-x86_64-debian-gcc | 1.0.1 | 1.81 | 20.78 | 22.59 | OK | |
r-devel-linux-x86_64-fedora-clang | 1.0.1 | 37.98 | NOTE | |||
r-devel-linux-x86_64-fedora-gcc | 1.0.1 | 35.80 | NOTE | |||
r-devel-windows-x86_64 | 1.0.1 | 3.00 | 41.00 | 44.00 | OK | |
r-patched-linux-x86_64 | 1.0.1 | 2.08 | 26.87 | 28.95 | OK | |
r-release-linux-x86_64 | 1.0.1 | 2.20 | 26.40 | 28.60 | OK | |
r-release-macos-arm64 | 1.0.1 | 14.00 | OK | |||
r-release-macos-x86_64 | 1.0.1 | 23.00 | OK | |||
r-release-windows-x86_64 | 1.0.1 | 3.00 | 42.00 | 45.00 | OK | |
r-oldrel-macos-arm64 | 1.0.1 | 17.00 | OK | |||
r-oldrel-macos-x86_64 | 1.0.1 | 22.00 | OK | |||
r-oldrel-windows-x86_64 | 1.0.1 | 3.00 | 43.00 | 46.00 | OK |
Version: 1.0.1
Check: dependencies in R code
Result: NOTE
Namespace in Imports field not imported from: ‘mvtnorm’
All declared Imports should be used.
Flavors: r-devel-linux-x86_64-fedora-clang, r-devel-linux-x86_64-fedora-gcc