Last updated on 2024-03-28 19:48:44 CET.
Flavor | Version | Tinstall | Tcheck | Ttotal | Status | Flags |
---|---|---|---|---|---|---|
r-devel-linux-x86_64-debian-clang | 0.3.0 | 9.46 | 85.66 | 95.12 | NOTE | |
r-devel-linux-x86_64-debian-gcc | 0.3.0 | 5.43 | 65.07 | 70.50 | NOTE | |
r-devel-linux-x86_64-fedora-clang | 0.3.0 | 126.00 | NOTE | |||
r-devel-linux-x86_64-fedora-gcc | 0.3.0 | 126.89 | NOTE | |||
r-devel-windows-x86_64 | 0.3.0 | 10.00 | 83.00 | 93.00 | NOTE | |
r-patched-linux-x86_64 | 0.3.0 | 6.22 | 83.02 | 89.24 | NOTE | |
r-release-linux-x86_64 | 0.3.0 | 5.88 | 83.08 | 88.96 | OK | |
r-release-macos-arm64 | 0.3.0 | 44.00 | OK | |||
r-release-macos-x86_64 | 0.3.0 | 64.00 | OK | |||
r-release-windows-x86_64 | 0.3.0 | 13.00 | 99.00 | 112.00 | OK | |
r-oldrel-macos-arm64 | 0.3.0 | 40.00 | OK | |||
r-oldrel-windows-x86_64 | 0.3.0 | 13.00 | 104.00 | 117.00 | OK |
Version: 0.3.0
Check: Rd files
Result: NOTE
checkRd: (-1) QT_Outlier_Explorer.Rd:24: Lost braces in \itemize; meant \describe ?
checkRd: (-1) QT_Outlier_Explorer.Rd:25: Lost braces in \itemize; meant \describe ?
checkRd: (-1) QT_Outlier_Explorer.Rd:26: Lost braces in \itemize; meant \describe ?
checkRd: (-1) QT_Outlier_Explorer.Rd:27: Lost braces in \itemize; meant \describe ?
checkRd: (-1) QT_Outlier_Explorer.Rd:28: Lost braces in \itemize; meant \describe ?
checkRd: (-1) QT_Outlier_Explorer.Rd:29: Lost braces in \itemize; meant \describe ?
checkRd: (-1) QT_Outlier_Explorer.Rd:30: Lost braces in \itemize; meant \describe ?
checkRd: (-1) QT_Outlier_Explorer.Rd:31: Lost braces in \itemize; meant \describe ?
checkRd: (-1) safety_outlier_explorer.Rd:24: Lost braces in \itemize; meant \describe ?
checkRd: (-1) safety_outlier_explorer.Rd:25: Lost braces in \itemize; meant \describe ?
checkRd: (-1) safety_outlier_explorer.Rd:26: Lost braces in \itemize; meant \describe ?
checkRd: (-1) safety_outlier_explorer.Rd:27: Lost braces in \itemize; meant \describe ?
checkRd: (-1) safety_outlier_explorer.Rd:28: Lost braces in \itemize; meant \describe ?
checkRd: (-1) safety_results_over_time.Rd:24: Lost braces in \itemize; meant \describe ?
checkRd: (-1) safety_results_over_time.Rd:25: Lost braces in \itemize; meant \describe ?
checkRd: (-1) safety_results_over_time.Rd:26: Lost braces in \itemize; meant \describe ?
checkRd: (-1) safety_results_over_time.Rd:27: Lost braces in \itemize; meant \describe ?
checkRd: (-1) safety_results_over_time.Rd:28: Lost braces in \itemize; meant \describe ?
checkRd: (-1) safety_results_over_time.Rd:29: Lost braces in \itemize; meant \describe ?
checkRd: (-1) safety_results_over_time.Rd:30: Lost braces in \itemize; meant \describe ?
checkRd: (-1) safety_results_over_time.Rd:31: Lost braces in \itemize; meant \describe ?
checkRd: (-1) safety_results_over_time.Rd:32: Lost braces in \itemize; meant \describe ?
checkRd: (-1) safety_results_over_time.Rd:33: Lost braces in \itemize; meant \describe ?
checkRd: (-1) tendril_chart.Rd:18: Lost braces
18 | Create a plot using the {{Tendril}} package
| ^
checkRd: (-1) tendril_chart.Rd:24: Lost braces in \itemize; meant \describe ?
checkRd: (-1) tendril_chart.Rd:25: Lost braces in \itemize; meant \describe ?
checkRd: (-1) tendril_chart.Rd:26: Lost braces in \itemize; meant \describe ?
checkRd: (-1) tendril_chart.Rd:27: Lost braces in \itemize; meant \describe ?
checkRd: (-1) tendril_chart.Rd:28: Lost braces in \itemize; meant \describe ?
checkRd: (-1) tendril_chart.Rd:29: Lost braces in \itemize; meant \describe ?
checkRd: (-1) tendril_chart.Rd:30: Lost braces in \itemize; meant \describe ?
Flavors: r-devel-linux-x86_64-debian-clang, r-devel-linux-x86_64-debian-gcc, r-devel-linux-x86_64-fedora-clang, r-devel-linux-x86_64-fedora-gcc, r-devel-windows-x86_64, r-patched-linux-x86_64