Last updated on 2025-11-02 23:49:51 CET.
| Flavor | Version | Tinstall | Tcheck | Ttotal | Status | Flags | 
|---|---|---|---|---|---|---|
| r-devel-linux-x86_64-debian-clang | 0.2.0 | 2.36 | 31.07 | 33.43 | OK | |
| r-devel-linux-x86_64-debian-gcc | 0.2.0 | 1.78 | 25.08 | 26.86 | OK | |
| r-devel-linux-x86_64-fedora-clang | 0.2.0 | 50.65 | OK | |||
| r-devel-linux-x86_64-fedora-gcc | 0.2.0 | 14.00 | 36.80 | 50.80 | OK | |
| r-devel-windows-x86_64 | 0.2.0 | 5.00 | 43.00 | 48.00 | ERROR | |
| r-patched-linux-x86_64 | 0.2.0 | 2.46 | 29.13 | 31.59 | OK | |
| r-release-linux-x86_64 | 0.2.0 | 2.39 | 28.68 | 31.07 | OK | |
| r-release-macos-arm64 | 0.2.0 | 1.00 | 18.00 | 19.00 | OK | |
| r-release-macos-x86_64 | 0.2.0 | 2.00 | 27.00 | 29.00 | OK | |
| r-release-windows-x86_64 | 0.2.0 | 3.00 | 41.00 | 44.00 | OK | |
| r-oldrel-macos-arm64 | 0.2.0 | 1.00 | 23.00 | 24.00 | OK | |
| r-oldrel-macos-x86_64 | 0.2.0 | 2.00 | 43.00 | 45.00 | OK | |
| r-oldrel-windows-x86_64 | 0.2.0 | 5.00 | 50.00 | 55.00 | OK | 
Version: 0.2.0
Check: examples
Result: ERROR
  Running examples in 'safetensors-Ex.R' failed
  The error most likely occurred in:
  
  > ### Name: safe_load_file
  > ### Title: Safe load a safetensors file
  > ### Aliases: safe_load_file
  > 
  > ### ** Examples
  > 
  > if (rlang::is_installed("torch") && torch::torch_is_installed()) {
  +   tensors <- list(x = torch::torch_randn(10, 10))
  +   temp <- tempfile()
  +   safe_save_file(tensors, temp)
  +   safe_load_file(temp, framework = "torch")
  + }
Flavor: r-devel-windows-x86_64