Last updated on 2024-07-17 20:57:11 CEST.
Flavor | Version | Tinstall | Tcheck | Ttotal | Status | Flags |
---|---|---|---|---|---|---|
r-devel-linux-x86_64-debian-clang | 1.0.4 | 23.57 | 193.27 | 216.84 | OK | |
r-devel-linux-x86_64-debian-gcc | 1.0.4 | 17.68 | 139.93 | 157.61 | OK | |
r-devel-linux-x86_64-fedora-clang | 1.0.4 | 263.86 | NOTE | |||
r-devel-linux-x86_64-fedora-gcc | 1.0.4 | 265.14 | NOTE | |||
r-devel-windows-x86_64 | 1.0.4 | 21.00 | 152.00 | 173.00 | NOTE | |
r-patched-linux-x86_64 | 1.0.4 | 23.06 | 181.71 | 204.77 | OK | |
r-release-linux-x86_64 | 1.0.4 | 14.00 | 181.04 | 195.04 | OK | |
r-release-macos-arm64 | 1.0.4 | 84.00 | OK | |||
r-release-macos-x86_64 | 1.0.4 | 237.00 | OK | |||
r-release-windows-x86_64 | 1.0.4 | 19.00 | 153.00 | 172.00 | OK | |
r-oldrel-macos-arm64 | 1.0.4 | 84.00 | OK | |||
r-oldrel-macos-x86_64 | 1.0.4 | 162.00 | OK | |||
r-oldrel-windows-x86_64 | 1.0.4 | 24.00 | 183.00 | 207.00 | OK |
Version: 1.0.4
Check: data for non-ASCII characters
Result: NOTE
Note: found 63 marked Latin-1 strings
Flavors: r-devel-linux-x86_64-fedora-clang, r-devel-linux-x86_64-fedora-gcc
Version: 1.0.4
Check: Rd cross-references
Result: NOTE
Found the following Rd file(s) with Rd \link{} targets missing package
anchors:
compare_pred.Rd: emdi
write.excel.Rd: openxlsx
Please provide package anchors for all Rd \link{} targets not in the
package itself and the base packages.
Flavor: r-devel-windows-x86_64