CRAN Package Check Results for Package saeMSPE

Last updated on 2022-09-27 21:54:01 CEST.

Flavor Version Tinstall Tcheck Ttotal Status Flags
r-devel-linux-x86_64-debian-clang 1.1 64.70 74.68 139.38 OK
r-devel-linux-x86_64-debian-gcc 1.1 48.06 57.02 105.08 OK
r-devel-linux-x86_64-fedora-clang 1.1 187.22 OK
r-devel-linux-x86_64-fedora-gcc 1.1 183.01 OK
r-devel-windows-x86_64 1.1 51.00 121.00 172.00 OK
r-patched-linux-x86_64 1.1 57.60 69.62 127.22 OK
r-release-linux-x86_64 1.1 53.08 70.29 123.37 OK
r-release-macos-arm64 1.1 51.00 NOTE
r-release-macos-x86_64 1.1 64.00 NOTE
r-release-windows-x86_64 1.1 52.00 122.00 174.00 OK
r-oldrel-macos-arm64 1.1 49.00 NOTE
r-oldrel-macos-x86_64 1.1 68.00 NOTE
r-oldrel-windows-ix86+x86_64 1.1 134.00 136.00 270.00 OK

Check Details

Version: 1.1
Check: installed package size
Result: NOTE
     installed size is 7.0Mb
     sub-directories of 1Mb or more:
     libs 6.8Mb
Flavors: r-release-macos-arm64, r-release-macos-x86_64, r-oldrel-macos-arm64, r-oldrel-macos-x86_64