Last updated on 2024-04-23 20:52:17 CEST.
Flavor | Version | Tinstall | Tcheck | Ttotal | Status | Flags |
---|---|---|---|---|---|---|
r-devel-linux-x86_64-debian-clang | 1.3 | 12.64 | 160.53 | 173.17 | NOTE | |
r-devel-linux-x86_64-debian-gcc | 1.3 | 9.58 | 125.69 | 135.27 | NOTE | |
r-devel-linux-x86_64-fedora-clang | 1.3 | 214.57 | NOTE | |||
r-devel-linux-x86_64-fedora-gcc | 1.3 | 232.51 | NOTE | |||
r-prerel-macos-arm64 | 1.3 | 70.00 | NOTE | |||
r-prerel-windows-x86_64 | 1.3 | 11.00 | 153.00 | 164.00 | NOTE | |
r-patched-linux-x86_64 | 1.3 | 8.73 | 161.14 | 169.87 | NOTE | |
r-release-linux-x86_64 | 1.3 | 12.48 | 159.37 | 171.85 | OK | |
r-release-macos-arm64 | 1.3 | 87.00 | OK | |||
r-release-macos-x86_64 | 1.3 | 132.00 | OK | |||
r-release-windows-x86_64 | 1.3 | 16.00 | 183.00 | 199.00 | OK | |
r-oldrel-macos-arm64 | 1.3 | 77.00 | OK | |||
r-oldrel-windows-x86_64 | 1.3 | 16.00 | 182.00 | 198.00 | OK |
Version: 1.3
Check: Rd files
Result: NOTE
checkRd: (-1) ebBHF.Rd:50: Lost braces in \itemize; \value handles \item{}{} directly
checkRd: (-1) ebBHF.Rd:51: Lost braces in \itemize; \value handles \item{}{} directly
checkRd: (-1) ebBHF.Rd:52: Lost braces in \itemize; \value handles \item{}{} directly
checkRd: (-1) ebBHF.Rd:53: Lost braces in \itemize; \value handles \item{}{} directly
checkRd: (-1) ebBHF.Rd:54: Lost braces in \itemize; \value handles \item{}{} directly
checkRd: (-1) ebBHF.Rd:55: Lost braces in \itemize; \value handles \item{}{} directly
checkRd: (-1) ebBHF.Rd:56: Lost braces in \itemize; \value handles \item{}{} directly
checkRd: (-1) eblupBHF.Rd:45: Lost braces in \itemize; \value handles \item{}{} directly
checkRd: (-1) eblupBHF.Rd:46: Lost braces in \itemize; \value handles \item{}{} directly
checkRd: (-1) eblupBHF.Rd:47: Lost braces in \itemize; \value handles \item{}{} directly
checkRd: (-1) eblupBHF.Rd:48: Lost braces in \itemize; \value handles \item{}{} directly
checkRd: (-1) eblupBHF.Rd:49: Lost braces in \itemize; \value handles \item{}{} directly
checkRd: (-1) eblupBHF.Rd:50: Lost braces in \itemize; \value handles \item{}{} directly
checkRd: (-1) eblupBHF.Rd:51: Lost braces in \itemize; \value handles \item{}{} directly
checkRd: (-1) eblupFH.Rd:34: Lost braces in \itemize; \value handles \item{}{} directly
checkRd: (-1) eblupFH.Rd:35: Lost braces in \itemize; \value handles \item{}{} directly
checkRd: (-1) eblupFH.Rd:36: Lost braces in \itemize; \value handles \item{}{} directly
checkRd: (-1) eblupFH.Rd:37-40: Lost braces in \itemize; \value handles \item{}{} directly
checkRd: (-1) eblupFH.Rd:41: Lost braces in \itemize; \value handles \item{}{} directly
checkRd: (-1) eblupFH.Rd:42: Lost braces in \itemize; \value handles \item{}{} directly
checkRd: (-1) eblupSFH.Rd:36: Lost braces in \itemize; \value handles \item{}{} directly
checkRd: (-1) eblupSFH.Rd:37: Lost braces in \itemize; \value handles \item{}{} directly
checkRd: (-1) eblupSFH.Rd:38: Lost braces in \itemize; \value handles \item{}{} directly
checkRd: (-1) eblupSFH.Rd:39-42: Lost braces in \itemize; \value handles \item{}{} directly
checkRd: (-1) eblupSFH.Rd:43: Lost braces in \itemize; \value handles \item{}{} directly
checkRd: (-1) eblupSFH.Rd:44: Lost braces in \itemize; \value handles \item{}{} directly
checkRd: (-1) eblupSFH.Rd:45: Lost braces in \itemize; \value handles \item{}{} directly
checkRd: (-1) eblupSTFH.Rd:53: Lost braces in \itemize; \value handles \item{}{} directly
checkRd: (-1) eblupSTFH.Rd:54: Lost braces in \itemize; \value handles \item{}{} directly
checkRd: (-1) eblupSTFH.Rd:55: Lost braces in \itemize; \value handles \item{}{} directly
checkRd: (-1) eblupSTFH.Rd:56-59: Lost braces in \itemize; \value handles \item{}{} directly
checkRd: (-1) eblupSTFH.Rd:60: Lost braces in \itemize; \value handles \item{}{} directly
checkRd: (-1) eblupSTFH.Rd:61: Lost braces in \itemize; \value handles \item{}{} directly
checkRd: (-1) eblupSTFH.Rd:62: Lost braces in \itemize; \value handles \item{}{} directly
Flavors: r-devel-linux-x86_64-debian-clang, r-devel-linux-x86_64-debian-gcc, r-devel-linux-x86_64-fedora-clang, r-devel-linux-x86_64-fedora-gcc, r-prerel-macos-arm64, r-prerel-windows-x86_64, r-patched-linux-x86_64