Last updated on 2024-03-28 19:48:45 CET.
Flavor | Version | Tinstall | Tcheck | Ttotal | Status | Flags |
---|---|---|---|---|---|---|
r-devel-linux-x86_64-debian-clang | 0.1.2 | 6.22 | 66.53 | 72.75 | NOTE | |
r-devel-linux-x86_64-debian-gcc | 0.1.2 | 4.71 | 49.09 | 53.80 | NOTE | |
r-devel-linux-x86_64-fedora-clang | 0.1.2 | 89.40 | NOTE | |||
r-devel-linux-x86_64-fedora-gcc | 0.1.2 | 86.13 | NOTE | |||
r-devel-windows-x86_64 | 0.1.2 | 5.00 | 68.00 | 73.00 | NOTE | |
r-patched-linux-x86_64 | 0.1.2 | 5.74 | 64.53 | 70.27 | NOTE | |
r-release-linux-x86_64 | 0.1.2 | 4.45 | 66.04 | 70.49 | NOTE | |
r-release-macos-arm64 | 0.1.2 | 33.00 | NOTE | |||
r-release-macos-x86_64 | 0.1.2 | 45.00 | NOTE | |||
r-release-windows-x86_64 | 0.1.2 | 7.00 | 80.00 | 87.00 | NOTE | |
r-oldrel-macos-arm64 | 0.1.2 | 27.00 | NOTE | |||
r-oldrel-windows-x86_64 | 0.1.2 | 9.00 | 83.00 | 92.00 | NOTE |
Version: 0.1.2
Check: LazyData
Result: NOTE
'LazyData' is specified without a 'data' directory
Flavors: r-devel-linux-x86_64-debian-clang, r-devel-linux-x86_64-debian-gcc, r-devel-linux-x86_64-fedora-clang, r-devel-linux-x86_64-fedora-gcc, r-devel-windows-x86_64, r-patched-linux-x86_64, r-release-linux-x86_64, r-release-macos-arm64, r-release-macos-x86_64, r-release-windows-x86_64, r-oldrel-macos-arm64, r-oldrel-windows-x86_64
Version: 0.1.2
Check: dependencies in R code
Result: NOTE
Namespace in Imports field not imported from: ‘R6’
All declared Imports should be used.
Flavors: r-devel-linux-x86_64-fedora-clang, r-devel-linux-x86_64-fedora-gcc, r-oldrel-macos-arm64