Last updated on 2024-07-17 20:57:11 CEST.
Flavor | Version | Tinstall | Tcheck | Ttotal | Status | Flags |
---|---|---|---|---|---|---|
r-devel-linux-x86_64-debian-clang | 1.3-8 | 34.90 | 403.97 | 438.87 | OK | |
r-devel-linux-x86_64-debian-gcc | 1.3-8 | 29.10 | 291.37 | 320.47 | OK | |
r-devel-linux-x86_64-fedora-clang | 1.3-8 | 541.84 | NOTE | |||
r-devel-linux-x86_64-fedora-gcc | 1.3-8 | 544.54 | OK | |||
r-devel-windows-x86_64 | 1.3-8 | 26.00 | 280.00 | 306.00 | NOTE | |
r-patched-linux-x86_64 | 1.3-8 | 32.72 | 382.26 | 414.98 | OK | |
r-release-linux-x86_64 | 1.3-8 | 34.03 | 382.66 | 416.69 | OK | |
r-release-macos-arm64 | 1.3-8 | 124.00 | NOTE | |||
r-release-macos-x86_64 | 1.3-8 | 213.00 | NOTE | |||
r-release-windows-x86_64 | 1.3-8 | 28.00 | 284.00 | 312.00 | NOTE | |
r-oldrel-macos-arm64 | 1.3-8 | 151.00 | NOTE | |||
r-oldrel-macos-x86_64 | 1.3-8 | 414.00 | NOTE | |||
r-oldrel-windows-x86_64 | 1.3-8 | 39.00 | 350.00 | 389.00 | NOTE |
Version: 1.3-8
Check: installed package size
Result: NOTE
installed size is 6.3Mb
sub-directories of 1Mb or more:
data 2.1Mb
doc 3.9Mb
Flavors: r-devel-linux-x86_64-fedora-clang, r-devel-windows-x86_64, r-release-macos-arm64, r-release-macos-x86_64, r-release-windows-x86_64, r-oldrel-macos-arm64, r-oldrel-macos-x86_64, r-oldrel-windows-x86_64