Last updated on 2023-06-06 21:01:04 CEST.
Flavor | Version | Tinstall | Tcheck | Ttotal | Status | Flags |
---|---|---|---|---|---|---|
r-devel-linux-x86_64-debian-clang | 0.0.3 | 6.18 | 46.03 | 52.21 | NOTE | |
r-devel-linux-x86_64-debian-gcc | 0.0.3 | 4.73 | 35.48 | 40.21 | NOTE | |
r-devel-linux-x86_64-fedora-clang | 0.0.3 | 66.74 | NOTE | |||
r-devel-linux-x86_64-fedora-gcc | 0.0.3 | 60.89 | NOTE | |||
r-devel-windows-x86_64 | 0.0.3 | 7.00 | 54.00 | 61.00 | NOTE | |
r-patched-linux-x86_64 | 0.0.3 | 4.81 | 43.90 | 48.71 | NOTE | |
r-release-linux-x86_64 | 0.0.3 | 3.53 | 43.45 | 46.98 | NOTE | |
r-release-macos-arm64 | 0.0.3 | 26.00 | NOTE | |||
r-release-macos-x86_64 | 0.0.3 | 33.00 | NOTE | |||
r-release-windows-x86_64 | 0.0.3 | 8.00 | 61.00 | 69.00 | NOTE | |
r-oldrel-macos-arm64 | 0.0.3 | 25.00 | NOTE | |||
r-oldrel-macos-x86_64 | 0.0.3 | 41.00 | NOTE | |||
r-oldrel-windows-x86_64 | 0.0.3 | 8.00 | 65.00 | 73.00 | NOTE |
Version: 0.0.3
Check: LazyData
Result: NOTE
'LazyData' is specified without a 'data' directory
Flavors: r-devel-linux-x86_64-debian-clang, r-devel-linux-x86_64-debian-gcc, r-devel-linux-x86_64-fedora-clang, r-devel-linux-x86_64-fedora-gcc, r-devel-windows-x86_64, r-patched-linux-x86_64, r-release-linux-x86_64, r-release-macos-arm64, r-release-macos-x86_64, r-release-windows-x86_64, r-oldrel-macos-arm64, r-oldrel-macos-x86_64, r-oldrel-windows-x86_64