Last updated on 2024-04-24 20:54:21 CEST.
Flavor | Version | Tinstall | Tcheck | Ttotal | Status | Flags |
---|---|---|---|---|---|---|
r-devel-linux-x86_64-debian-clang | 0.0.3 | 4.60 | 47.38 | 51.98 | NOTE | |
r-devel-linux-x86_64-debian-gcc | 0.0.3 | 4.63 | 36.18 | 40.81 | NOTE | |
r-devel-linux-x86_64-fedora-clang | 0.0.3 | 70.43 | NOTE | |||
r-devel-linux-x86_64-fedora-gcc | 0.0.3 | 67.03 | NOTE | |||
r-devel-windows-x86_64 | 0.0.3 | 8.00 | 55.00 | 63.00 | NOTE | |
r-patched-linux-x86_64 | 0.0.3 | 4.11 | 45.42 | 49.53 | NOTE | |
r-release-linux-x86_64 | 0.0.3 | 3.36 | 45.30 | 48.66 | NOTE | |
r-release-macos-arm64 | 0.0.3 | 26.00 | NOTE | |||
r-release-windows-x86_64 | 0.0.3 | 7.00 | 54.00 | 61.00 | NOTE | |
r-oldrel-macos-arm64 | 0.0.3 | 25.00 | NOTE | |||
r-oldrel-macos-x86_64 | 0.0.3 | 33.00 | NOTE | |||
r-oldrel-windows-x86_64 | 0.0.3 | 8.00 | 60.00 | 68.00 | NOTE |
Version: 0.0.3
Check: LazyData
Result: NOTE
'LazyData' is specified without a 'data' directory
Flavors: r-devel-linux-x86_64-debian-clang, r-devel-linux-x86_64-debian-gcc, r-devel-linux-x86_64-fedora-clang, r-devel-linux-x86_64-fedora-gcc, r-devel-windows-x86_64, r-patched-linux-x86_64, r-release-linux-x86_64, r-release-macos-arm64, r-release-windows-x86_64, r-oldrel-macos-arm64, r-oldrel-macos-x86_64, r-oldrel-windows-x86_64