Last updated on 2024-04-23 20:52:17 CEST.
Flavor | Version | Tinstall | Tcheck | Ttotal | Status | Flags |
---|---|---|---|---|---|---|
r-devel-linux-x86_64-debian-clang | 0.9.7.1 | 8.87 | 74.24 | 83.11 | NOTE | |
r-devel-linux-x86_64-debian-gcc | 0.9.7.1 | 8.38 | 54.30 | 62.68 | NOTE | |
r-devel-linux-x86_64-fedora-clang | 0.9.7.1 | 103.40 | NOTE | |||
r-devel-linux-x86_64-fedora-gcc | 0.9.7.1 | 102.40 | NOTE | |||
r-prerel-macos-arm64 | 0.9.7.1 | 32.00 | NOTE | |||
r-prerel-windows-x86_64 | 0.9.7.1 | 17.00 | 74.00 | 91.00 | NOTE | |
r-patched-linux-x86_64 | 0.9.7.1 | 12.92 | 69.96 | 82.88 | NOTE | |
r-release-linux-x86_64 | 0.9.7.1 | 11.50 | 72.50 | 84.00 | OK | |
r-release-macos-arm64 | 0.9.7.1 | 31.00 | OK | |||
r-release-macos-x86_64 | 0.9.7.1 | 43.00 | OK | |||
r-release-windows-x86_64 | 0.9.7.1 | 18.00 | 82.00 | 100.00 | OK | |
r-oldrel-macos-arm64 | 0.9.7.1 | 31.00 | OK | |||
r-oldrel-windows-x86_64 | 0.9.7.1 | 17.00 | 87.00 | 104.00 | OK |
Version: 0.9.7.1
Check: Rd files
Result: NOTE
checkRd: (-1) RUVIII.Rd:51: Lost braces
51 | If code{return.info} is \code{TRUE}, a list is returned that contains:
| ^
Flavors: r-devel-linux-x86_64-debian-clang, r-devel-linux-x86_64-debian-gcc, r-devel-linux-x86_64-fedora-clang, r-devel-linux-x86_64-fedora-gcc, r-prerel-macos-arm64, r-prerel-windows-x86_64, r-patched-linux-x86_64