Last updated on 2024-07-17 20:57:10 CEST.
Flavor | Version | Tinstall | Tcheck | Ttotal | Status | Flags |
---|---|---|---|---|---|---|
r-devel-linux-x86_64-debian-clang | 1.0.4 | 1.53 | 22.62 | 24.15 | NOTE | |
r-devel-linux-x86_64-debian-gcc | 1.0.4 | 1.67 | 17.63 | 19.30 | NOTE | |
r-devel-linux-x86_64-fedora-clang | 1.0.4 | 31.33 | NOTE | |||
r-devel-linux-x86_64-fedora-gcc | 1.0.4 | 29.47 | NOTE | |||
r-devel-windows-x86_64 | 1.0.4 | 3.00 | 43.00 | 46.00 | NOTE | |
r-patched-linux-x86_64 | 1.0.4 | 2.20 | 22.06 | 24.26 | NOTE | |
r-release-linux-x86_64 | 1.0.4 | 2.03 | 21.68 | 23.71 | NOTE | |
r-release-macos-arm64 | 1.0.4 | 16.00 | NOTE | |||
r-release-macos-x86_64 | 1.0.4 | 28.00 | NOTE | |||
r-release-windows-x86_64 | 1.0.4 | 3.00 | 43.00 | 46.00 | NOTE | |
r-oldrel-macos-arm64 | 1.0.4 | 17.00 | NOTE | |||
r-oldrel-macos-x86_64 | 1.0.4 | 20.00 | NOTE | |||
r-oldrel-windows-x86_64 | 1.0.4 | 3.00 | 37.00 | 40.00 | NOTE |
Version: 1.0.4
Check: LazyData
Result: NOTE
'LazyData' is specified without a 'data' directory
Flavors: r-devel-linux-x86_64-debian-clang, r-devel-linux-x86_64-debian-gcc, r-devel-linux-x86_64-fedora-clang, r-devel-linux-x86_64-fedora-gcc, r-devel-windows-x86_64, r-patched-linux-x86_64, r-release-linux-x86_64, r-release-macos-arm64, r-release-macos-x86_64, r-release-windows-x86_64, r-oldrel-macos-arm64, r-oldrel-macos-x86_64, r-oldrel-windows-x86_64