Last updated on 2023-01-30 20:55:57 CET.
Flavor | Version | Tinstall | Tcheck | Ttotal | Status | Flags |
---|---|---|---|---|---|---|
r-devel-linux-x86_64-debian-clang | 1.1.0 | 2.87 | 34.33 | 37.20 | NOTE | |
r-devel-linux-x86_64-debian-gcc | 1.1.0 | 2.24 | 26.54 | 28.78 | NOTE | |
r-devel-linux-x86_64-fedora-clang | 1.1.0 | 48.20 | NOTE | |||
r-devel-linux-x86_64-fedora-gcc | 1.1.0 | 57.10 | NOTE | |||
r-devel-windows-x86_64 | 1.1.0 | 151.00 | 70.00 | 221.00 | NOTE | |
r-patched-linux-x86_64 | 1.1.0 | 3.21 | 33.62 | 36.83 | NOTE | |
r-release-linux-x86_64 | 1.1.0 | 3.40 | 34.97 | 38.37 | NOTE | |
r-release-macos-arm64 | 1.1.0 | 24.00 | NOTE | |||
r-release-macos-x86_64 | 1.1.0 | 36.00 | NOTE | |||
r-release-windows-x86_64 | 1.1.0 | 124.00 | 70.00 | 194.00 | NOTE | |
r-oldrel-macos-arm64 | 1.1.0 | 21.00 | NOTE | |||
r-oldrel-macos-x86_64 | 1.1.0 | 35.00 | NOTE | |||
r-oldrel-windows-ix86+x86_64 | 1.1.0 | 8.00 | 58.00 | 66.00 | NOTE |
Version: 1.1.0
Check: LazyData
Result: NOTE
'LazyData' is specified without a 'data' directory
Flavors: r-devel-linux-x86_64-debian-clang, r-devel-linux-x86_64-debian-gcc, r-devel-linux-x86_64-fedora-clang, r-devel-linux-x86_64-fedora-gcc, r-devel-windows-x86_64, r-patched-linux-x86_64, r-release-linux-x86_64, r-release-macos-arm64, r-release-macos-x86_64, r-release-windows-x86_64, r-oldrel-macos-arm64, r-oldrel-macos-x86_64, r-oldrel-windows-ix86+x86_64
Version: 1.1.0
Check: installed package size
Result: NOTE
installed size is 5.3Mb
sub-directories of 1Mb or more:
doc 4.7Mb
Flavors: r-devel-linux-x86_64-fedora-clang, r-devel-windows-x86_64, r-release-macos-arm64, r-release-macos-x86_64, r-release-windows-x86_64, r-oldrel-macos-arm64, r-oldrel-macos-x86_64, r-oldrel-windows-ix86+x86_64