Last updated on 2025-11-23 20:49:01 CET.
| Flavor | Version | Tinstall | Tcheck | Ttotal | Status | Flags |
|---|---|---|---|---|---|---|
| r-devel-linux-x86_64-debian-clang | 0.1-1 | 1.70 | 22.34 | 24.04 | NOTE | |
| r-devel-linux-x86_64-debian-gcc | 0.1-1 | 1.40 | 18.26 | 19.66 | NOTE | |
| r-devel-linux-x86_64-fedora-clang | 0.1-1 | 33.46 | OK | |||
| r-devel-linux-x86_64-fedora-gcc | 0.1-1 | 33.73 | OK | |||
| r-devel-windows-x86_64 | 0.1-1 | 5.00 | 44.00 | 49.00 | OK | |
| r-patched-linux-x86_64 | 0.1-1 | 1.75 | 19.80 | 21.55 | OK | |
| r-release-linux-x86_64 | 0.1-1 | 1.73 | 20.02 | 21.75 | OK | |
| r-release-macos-arm64 | 0.1-1 | OK | ||||
| r-release-macos-x86_64 | 0.1-1 | 2.00 | 24.00 | 26.00 | OK | |
| r-release-windows-x86_64 | 0.1-1 | 3.00 | 80.00 | 83.00 | OK | |
| r-oldrel-macos-arm64 | 0.1-1 | OK | ||||
| r-oldrel-macos-x86_64 | 0.1-1 | 1.00 | 20.00 | 21.00 | OK | |
| r-oldrel-windows-x86_64 | 0.1-1 | 3.00 | 49.00 | 52.00 | OK |
Version: 0.1-1
Check: CRAN incoming feasibility
Result: NOTE
Maintainer: ‘Kun Ren <ken@renkun.me>’
No Authors@R field in DESCRIPTION.
Please add one, modifying
Authors@R: person(given = "Kun",
family = "Ren",
role = c("aut", "cre"),
email = "ken@renkun.me")
as necessary.
Flavors: r-devel-linux-x86_64-debian-clang, r-devel-linux-x86_64-debian-gcc