CRAN Package Check Results for Package rtsdata

Last updated on 2022-11-27 19:51:41 CET.

Flavor Version Tinstall Tcheck Ttotal Status Flags
r-devel-linux-x86_64-debian-clang 0.1.3 3.31 31.18 34.49 OK
r-devel-linux-x86_64-debian-gcc 0.1.3 2.55 24.26 26.81 OK
r-devel-linux-x86_64-fedora-clang 0.1.3 55.15 NOTE
r-devel-linux-x86_64-fedora-gcc 0.1.3 52.66 NOTE
r-devel-windows-x86_64 0.1.3 23.00 62.00 85.00 OK
r-patched-linux-x86_64 0.1.3 3.23 30.01 33.24 OK
r-release-linux-x86_64 0.1.3 3.18 30.93 34.11 OK
r-release-macos-arm64 0.1.3 18.00 OK
r-release-macos-x86_64 0.1.3 24.00 OK
r-release-windows-x86_64 0.1.3 24.00 60.00 84.00 OK
r-oldrel-macos-arm64 0.1.3 18.00 OK
r-oldrel-macos-x86_64 0.1.3 26.00 OK
r-oldrel-windows-ix86+x86_64 0.1.3 8.00 52.00 60.00 OK

Check Details

Version: 0.1.3
Check: package dependencies
Result: NOTE
    Package suggested but not available for checking: ‘RQuantLib’
Flavors: r-devel-linux-x86_64-fedora-clang, r-devel-linux-x86_64-fedora-gcc