Last updated on 2025-11-03 21:50:35 CET.
| Flavor | Version | Tinstall | Tcheck | Ttotal | Status | Flags | 
|---|---|---|---|---|---|---|
| r-devel-linux-x86_64-debian-clang | 0.9.1 | 737.76 | 365.23 | 1102.99 | OK | |
| r-devel-linux-x86_64-debian-gcc | 0.9.1 | 574.51 | 283.07 | 857.58 | OK | |
| r-devel-linux-x86_64-fedora-clang | 0.9.1 | 1260.00 | 371.86 | 1631.86 | OK | |
| r-devel-linux-x86_64-fedora-gcc | 0.9.1 | 1980.00 | 144.00 | 2124.00 | OK | |
| r-devel-windows-x86_64 | 0.9.1 | 725.00 | 361.00 | 1086.00 | OK | |
| r-patched-linux-x86_64 | 0.9.1 | 818.38 | 408.69 | 1227.07 | OK | |
| r-release-linux-x86_64 | 0.9.1 | 846.56 | 411.02 | 1257.58 | OK | |
| r-release-macos-arm64 | 0.9.1 | 311.00 | 114.00 | 425.00 | OK | |
| r-release-macos-x86_64 | 0.9.1 | 323.00 | 164.00 | 487.00 | OK | |
| r-release-windows-x86_64 | 0.9.1 | 711.00 | 356.00 | 1067.00 | OK | |
| r-oldrel-macos-arm64 | 0.9.1 | 295.00 | 119.00 | 414.00 | NOTE | |
| r-oldrel-macos-x86_64 | 0.9.1 | 364.00 | 244.00 | 608.00 | NOTE | |
| r-oldrel-windows-x86_64 | 0.9.1 | 843.00 | 486.00 | 1329.00 | NOTE | 
Version: 0.9.1
Check: package dependencies
Result: NOTE
  Package suggested but not available for checking: ‘cmdstanr’
Flavors: r-oldrel-macos-arm64, r-oldrel-macos-x86_64, r-oldrel-windows-x86_64
Version: 0.9.1
Check: installed package size
Result: NOTE
    installed size is 174.3Mb
    sub-directories of 1Mb or more:
      data    1.5Mb
      libs  171.9Mb
Flavors: r-oldrel-macos-arm64, r-oldrel-macos-x86_64, r-oldrel-windows-x86_64
Version: 0.9.1
Check: for GNU extensions in Makefiles
Result: NOTE
  GNU make is a SystemRequirements.
Flavors: r-oldrel-macos-arm64, r-oldrel-macos-x86_64, r-oldrel-windows-x86_64