CRAN Package Check Results for Package rtry

Last updated on 2022-10-05 21:53:46 CEST.

Flavor Version Tinstall Tcheck Ttotal Status Flags
r-devel-linux-x86_64-debian-clang 1.0.0 3.60 40.81 44.41 ERROR
r-devel-linux-x86_64-debian-gcc 1.0.0 2.53 31.54 34.07 OK
r-devel-linux-x86_64-fedora-clang 1.0.0 65.57 NOTE
r-devel-linux-x86_64-fedora-gcc 1.0.0 60.82 NOTE
r-devel-windows-x86_64 1.0.0 34.00 80.00 114.00 OK
r-patched-linux-x86_64 1.0.0 4.01 38.84 42.85 OK
r-release-linux-x86_64 1.0.0 2.30 37.96 40.26 OK
r-release-macos-arm64 1.0.0 31.00 NOTE
r-release-macos-x86_64 1.0.0 45.00 NOTE
r-release-windows-x86_64 1.0.0 40.00 73.00 113.00 OK
r-oldrel-macos-arm64 1.0.0 28.00 NOTE
r-oldrel-macos-x86_64 1.0.0 39.00 NOTE
r-oldrel-windows-ix86+x86_64 1.0.0 7.00 68.00 75.00 OK

Check Details

Version: 1.0.0
Check: tests
Result: ERROR
     Running 'testthat.R' [4s/5s]
    Running the tests in 'tests/testthat.R' failed.
    Complete output:
     > library(testthat)
     > library(rtry)
     >
     > test_check("rtry")
     [ FAIL 1 | WARN 1 | SKIP 0 | PASS 92 ]
    
     == Failed tests ================================================================
     -- Error (test-geocoding.R:10:3): basic test -----------------------------------
     Error in `rtry_geocoding(input_address, "john.doe@example.com")`: object 'geocode' not found
     Backtrace:
     x
     1. \-rtry::rtry_geocoding(input_address, "john.doe@example.com") at test-geocoding.R:10:2
    
     [ FAIL 1 | WARN 1 | SKIP 0 | PASS 92 ]
     Error: Test failures
     Execution halted
Flavor: r-devel-linux-x86_64-debian-clang

Version: 1.0.0
Check: dependencies in R code
Result: NOTE
    Namespace in Imports field not imported from: ‘curl’
     All declared Imports should be used.
Flavors: r-devel-linux-x86_64-fedora-clang, r-devel-linux-x86_64-fedora-gcc, r-release-macos-arm64, r-release-macos-x86_64, r-oldrel-macos-arm64, r-oldrel-macos-x86_64

Version: 1.0.0
Check: data for non-ASCII characters
Result: NOTE
     Note: found 2023 marked Latin-1 strings
     Note: found 17 marked UTF-8 strings
Flavors: r-devel-linux-x86_64-fedora-clang, r-devel-linux-x86_64-fedora-gcc, r-release-macos-arm64, r-release-macos-x86_64, r-oldrel-macos-arm64, r-oldrel-macos-x86_64