Last updated on 2024-04-23 20:52:17 CEST.
Flavor | Version | Tinstall | Tcheck | Ttotal | Status | Flags |
---|---|---|---|---|---|---|
r-devel-linux-x86_64-debian-clang | 0.4.0 | 7.42 | 55.45 | 62.87 | OK | |
r-devel-linux-x86_64-debian-gcc | 0.4.0 | 5.86 | 42.13 | 47.99 | OK | |
r-devel-linux-x86_64-fedora-clang | 0.4.0 | 81.19 | NOTE | |||
r-devel-linux-x86_64-fedora-gcc | 0.4.0 | 87.19 | NOTE | |||
r-prerel-macos-arm64 | 0.4.0 | 31.00 | OK | |||
r-prerel-windows-x86_64 | 0.4.0 | 11.00 | 66.00 | 77.00 | OK | |
r-patched-linux-x86_64 | 0.4.0 | 6.78 | 53.09 | 59.87 | OK | |
r-release-linux-x86_64 | 0.4.0 | 4.63 | 54.46 | 59.09 | OK | |
r-release-macos-arm64 | 0.4.0 | 38.00 | OK | |||
r-release-macos-x86_64 | 0.4.0 | 69.00 | OK | |||
r-release-windows-x86_64 | 0.4.0 | 10.00 | 74.00 | 84.00 | OK | |
r-oldrel-macos-arm64 | 0.4.0 | 44.00 | OK | |||
r-oldrel-windows-x86_64 | 0.4.0 | 11.00 | 72.00 | 83.00 | OK |
Version: 0.4.0
Check: data for non-ASCII characters
Result: NOTE
Note: found 37 marked UTF-8 strings
Flavors: r-devel-linux-x86_64-fedora-clang, r-devel-linux-x86_64-fedora-gcc