CRAN Package Check Results for Package rtrek

Last updated on 2023-06-07 21:01:31 CEST.

Flavor Version Tinstall Tcheck Ttotal Status Flags
r-devel-linux-x86_64-debian-clang 0.3.3 7.56 50.53 58.09 OK
r-devel-linux-x86_64-debian-gcc 0.3.3 5.90 37.90 43.80 OK
r-devel-linux-x86_64-fedora-clang 0.3.3 77.16 NOTE
r-devel-linux-x86_64-fedora-gcc 0.3.3 77.38 NOTE
r-devel-windows-x86_64 0.3.3 10.00 61.00 71.00 OK
r-patched-linux-x86_64 0.3.3 5.91 47.09 53.00 OK
r-release-linux-x86_64 0.3.3 4.34 47.75 52.09 OK
r-release-macos-arm64 0.3.3 29.00 OK
r-release-macos-x86_64 0.3.3 47.00 OK
r-release-windows-x86_64 0.3.3 10.00 67.00 77.00 OK
r-oldrel-macos-arm64 0.3.3 27.00 NOTE
r-oldrel-macos-x86_64 0.3.3 53.00 NOTE
r-oldrel-windows-x86_64 0.3.3 10.00 66.00 76.00 OK

Additional issues

donttest

Check Details

Version: 0.3.3
Check: dependencies in R code
Result: NOTE
    Namespaces in Imports field not imported from:
     ‘memoise’ ‘tidyr’
     All declared Imports should be used.
Flavors: r-devel-linux-x86_64-fedora-clang, r-devel-linux-x86_64-fedora-gcc, r-oldrel-macos-arm64, r-oldrel-macos-x86_64

Version: 0.3.3
Check: data for non-ASCII characters
Result: NOTE
     Note: found 37 marked UTF-8 strings
Flavors: r-devel-linux-x86_64-fedora-clang, r-devel-linux-x86_64-fedora-gcc, r-oldrel-macos-arm64, r-oldrel-macos-x86_64