CRAN Package Check Results for Package rtlr

Last updated on 2025-07-12 20:50:43 CEST.

Flavor Version Tinstall Tcheck Ttotal Status Flags
r-devel-linux-x86_64-debian-clang 0.1.0 2.11 25.97 28.08 NOTE
r-devel-linux-x86_64-debian-gcc 0.1.0 1.74 21.25 22.99 NOTE
r-devel-linux-x86_64-fedora-clang 0.1.0 42.22 NOTE
r-devel-linux-x86_64-fedora-gcc 0.1.0 39.67 NOTE
r-devel-windows-x86_64 0.1.0 4.00 45.00 49.00 NOTE
r-patched-linux-x86_64 0.1.0 2.29 23.45 25.74 NOTE
r-release-linux-x86_64 0.1.0 2.19 23.42 25.61 NOTE
r-release-macos-arm64 0.1.0 21.00 NOTE
r-release-macos-x86_64 0.1.0 32.00 NOTE
r-release-windows-x86_64 0.1.0 5.00 45.00 50.00 NOTE
r-oldrel-macos-arm64 0.1.0 18.00 OK
r-oldrel-macos-x86_64 0.1.0 26.00 OK
r-oldrel-windows-x86_64 0.1.0 4.00 51.00 55.00 OK

Check Details

Version: 0.1.0
Check: DESCRIPTION meta-information
Result: NOTE Missing dependency on R >= 4.1.0 because package code uses the pipe |> or function shorthand \(...) syntax added in R 4.1.0. File(s) using such syntax: ‘str_rtl.Rd’ Flavors: r-devel-linux-x86_64-debian-clang, r-devel-linux-x86_64-debian-gcc, r-devel-linux-x86_64-fedora-clang, r-devel-linux-x86_64-fedora-gcc, r-devel-windows-x86_64, r-patched-linux-x86_64, r-release-linux-x86_64, r-release-macos-arm64, r-release-macos-x86_64, r-release-windows-x86_64