Last updated on 2023-06-06 21:01:04 CEST.
Flavor | Version | Tinstall | Tcheck | Ttotal | Status | Flags |
---|---|---|---|---|---|---|
r-devel-linux-x86_64-debian-clang | 0.6.1 | 29.15 | 534.73 | 563.88 | OK | |
r-devel-linux-x86_64-debian-gcc | 0.6.1 | 20.31 | 385.70 | 406.01 | OK | |
r-devel-linux-x86_64-fedora-clang | 0.6.1 | 715.69 | NOTE | |||
r-devel-linux-x86_64-fedora-gcc | 0.6.1 | 663.61 | OK | |||
r-devel-windows-x86_64 | 0.6.1 | 24.00 | 401.00 | 425.00 | NOTE | |
r-patched-linux-x86_64 | 0.6.1 | 31.59 | 503.30 | 534.89 | OK | |
r-release-linux-x86_64 | 0.6.1 | 26.08 | 498.18 | 524.26 | OK | |
r-release-macos-arm64 | 0.6.1 | 184.00 | NOTE | |||
r-release-macos-x86_64 | 0.6.0 | 349.00 | NOTE | |||
r-release-windows-x86_64 | 0.6.1 | 32.00 | 536.00 | 568.00 | NOTE | |
r-oldrel-macos-arm64 | 0.6.1 | 158.00 | NOTE | |||
r-oldrel-macos-x86_64 | 0.6.1 | 202.00 | NOTE | |||
r-oldrel-windows-x86_64 | 0.6.1 | 35.00 | 517.00 | 552.00 | NOTE |
Version: 0.6.1
Check: installed package size
Result: NOTE
installed size is 7.1Mb
sub-directories of 1Mb or more:
R 1.3Mb
bootstrap 1.6Mb
doc 1.2Mb
help 2.8Mb
Flavors: r-devel-linux-x86_64-fedora-clang, r-devel-windows-x86_64, r-release-macos-arm64, r-release-windows-x86_64, r-oldrel-macos-arm64, r-oldrel-macos-x86_64, r-oldrel-windows-x86_64
Version: 0.6.0
Check: installed package size
Result: NOTE
installed size is 7.8Mb
sub-directories of 1Mb or more:
R 2.0Mb
bootstrap 1.6Mb
doc 1.2Mb
help 2.8Mb
Flavor: r-release-macos-x86_64