Last updated on 2024-03-27 19:57:04 CET.
Flavor | Version | Tinstall | Tcheck | Ttotal | Status | Flags |
---|---|---|---|---|---|---|
r-devel-linux-x86_64-debian-clang | 0.6.6 | 31.13 | 750.31 | 781.44 | OK | |
r-devel-linux-x86_64-debian-gcc | 0.6.6 | 23.52 | 530.89 | 554.41 | OK | |
r-devel-linux-x86_64-fedora-clang | 0.6.6 | 911.93 | NOTE | |||
r-devel-linux-x86_64-fedora-gcc | 0.6.6 | 916.51 | OK | |||
r-devel-windows-x86_64 | 0.6.6 | 26.00 | 488.00 | 514.00 | NOTE | |
r-patched-linux-x86_64 | 0.6.6 | 33.81 | 720.46 | 754.27 | OK | |
r-release-linux-x86_64 | 0.6.6 | 26.59 | 722.55 | 749.14 | OK | |
r-release-macos-arm64 | 0.6.6 | 235.00 | NOTE | |||
r-release-macos-x86_64 | 0.6.6 | 565.00 | NOTE | |||
r-release-windows-x86_64 | 0.6.6 | 35.00 | 689.00 | 724.00 | NOTE | |
r-oldrel-macos-arm64 | 0.6.6 | 221.00 | NOTE | |||
r-oldrel-windows-x86_64 | 0.6.6 | 37.00 | 635.00 | 672.00 | NOTE |
Version: 0.6.6
Check: installed package size
Result: NOTE
installed size is 5.4Mb
sub-directories of 1Mb or more:
R 1.4Mb
doc 1.4Mb
help 2.4Mb
Flavors: r-devel-linux-x86_64-fedora-clang, r-devel-windows-x86_64, r-release-macos-arm64, r-release-macos-x86_64, r-release-windows-x86_64, r-oldrel-macos-arm64, r-oldrel-windows-x86_64