Last updated on 2025-05-09 20:50:02 CEST.
Flavor | Version | Tinstall | Tcheck | Ttotal | Status | Flags |
---|---|---|---|---|---|---|
r-devel-linux-x86_64-debian-clang | 1.1.3 | 1.91 | 20.52 | 22.43 | NOTE | |
r-devel-linux-x86_64-debian-gcc | 1.1.3 | 1.45 | 17.08 | 18.53 | NOTE | |
r-devel-linux-x86_64-fedora-clang | 1.1.3 | 34.98 | OK | |||
r-devel-linux-x86_64-fedora-gcc | 1.1.3 | 33.59 | OK | |||
r-devel-windows-x86_64 | 1.1.3 | 3.00 | 48.00 | 51.00 | OK | |
r-patched-linux-x86_64 | 1.1.3 | 1.97 | 18.85 | 20.82 | OK | |
r-release-linux-x86_64 | 1.1.3 | 1.69 | 18.65 | 20.34 | OK | |
r-release-macos-arm64 | 1.1.3 | 18.00 | OK | |||
r-release-macos-x86_64 | 1.1.3 | 26.00 | OK | |||
r-release-windows-x86_64 | 1.1.3 | 4.00 | 44.00 | 48.00 | OK | |
r-oldrel-macos-arm64 | 1.1.3 | 15.00 | OK | |||
r-oldrel-macos-x86_64 | 1.1.3 | 22.00 | OK | |||
r-oldrel-windows-x86_64 | 1.1.3 | 4.00 | 45.00 | 49.00 | OK |
Version: 1.1.3
Check: CRAN incoming feasibility
Result: NOTE
Maintainer: ‘Xuehui YANG <jianghang@bagualu.net>’
No Authors@R field in DESCRIPTION.
Please add one, modifying
Authors@R: person(given = "Xuehui",
family = "YANG",
role = c("aut", "cre"),
email = "jianghang@bagualu.net")
as necessary.
Flavors: r-devel-linux-x86_64-debian-clang, r-devel-linux-x86_64-debian-gcc