Last updated on 2024-04-25 20:48:36 CEST.
Flavor | Version | Tinstall | Tcheck | Ttotal | Status | Flags |
---|---|---|---|---|---|---|
r-devel-linux-x86_64-debian-clang | 1.0.4 | 6.85 | 68.99 | 75.84 | NOTE | |
r-devel-linux-x86_64-debian-gcc | 1.0.4 | 4.77 | 51.49 | 56.26 | NOTE | |
r-devel-linux-x86_64-fedora-clang | 1.0.4 | 95.22 | NOTE | |||
r-devel-linux-x86_64-fedora-gcc | 1.0.4 | 103.14 | NOTE | |||
r-devel-windows-x86_64 | 1.0.4 | 7.00 | 83.00 | 90.00 | NOTE | |
r-patched-linux-x86_64 | 1.0.4 | 3.85 | 65.03 | 68.88 | NOTE | |
r-release-linux-x86_64 | 1.0.4 | 3.70 | 65.26 | 68.96 | NOTE | |
r-release-macos-arm64 | 1.0.4 | 52.00 | NOTE | |||
r-release-windows-x86_64 | 1.0.4 | 7.00 | 84.00 | 91.00 | NOTE | |
r-oldrel-macos-arm64 | 1.0.4 | 46.00 | NOTE | |||
r-oldrel-macos-x86_64 | 1.0.4 | 64.00 | NOTE | |||
r-oldrel-windows-x86_64 | 1.0.4 | 9.00 | 94.00 | 103.00 | NOTE |
Version: 1.0.4
Check: LazyData
Result: NOTE
'LazyData' is specified without a 'data' directory
Flavors: r-devel-linux-x86_64-debian-clang, r-devel-linux-x86_64-debian-gcc, r-devel-linux-x86_64-fedora-clang, r-devel-linux-x86_64-fedora-gcc, r-devel-windows-x86_64, r-patched-linux-x86_64, r-release-linux-x86_64, r-release-macos-arm64, r-release-windows-x86_64, r-oldrel-macos-arm64, r-oldrel-macos-x86_64, r-oldrel-windows-x86_64