CRAN Package Check Results for Package rsparse

Last updated on 2023-10-04 20:42:38 CEST.

Flavor Version Tinstall Tcheck Ttotal Status Flags
r-devel-linux-x86_64-debian-clang 0.5.1 236.86 165.67 402.53 NOTE
r-devel-linux-x86_64-debian-gcc 0.5.1 157.63 119.98 277.61 NOTE
r-devel-linux-x86_64-fedora-clang 0.5.1 553.22 NOTE
r-devel-linux-x86_64-fedora-gcc 0.5.1 534.03 NOTE
r-devel-windows-x86_64 0.5.1 175.00 153.00 328.00 NOTE
r-patched-linux-x86_64 0.5.1 205.67 157.15 362.82 NOTE
r-release-linux-x86_64 0.5.1 206.46 157.36 363.82 NOTE
r-release-macos-arm64 0.5.1 135.00 NOTE
r-release-macos-x86_64 0.5.1 229.00 NOTE
r-release-windows-x86_64 0.5.1 215.00 185.00 400.00 NOTE
r-oldrel-macos-arm64 0.5.1 125.00 NOTE
r-oldrel-macos-x86_64 0.5.1 153.00 NOTE
r-oldrel-windows-x86_64 0.5.1 205.00 172.00 377.00 OK

Check Details

Version: 0.5.1
Check: C++ specification
Result: NOTE
     Specified C++11: please drop specification unless essential
Flavors: r-devel-linux-x86_64-debian-clang, r-devel-linux-x86_64-debian-gcc, r-devel-linux-x86_64-fedora-clang, r-devel-linux-x86_64-fedora-gcc, r-devel-windows-x86_64, r-patched-linux-x86_64, r-release-linux-x86_64, r-release-macos-arm64, r-release-macos-x86_64, r-release-windows-x86_64

Version: 0.5.1
Check: whether startup messages can be suppressed
Result: NOTE
    OMP: Warning #96: Cannot form a team with 24 threads, using 2 instead.
    OMP: Hint Consider unsetting KMP_DEVICE_THREAD_LIMIT (KMP_ALL_THREADS), KMP_TEAMS_THREAD_LIMIT, and OMP_THREAD_LIMIT (if any are set).
    
    It looks like this package (or a package it requires) has a startup
    message which cannot be suppressed: see ?packageStartupMessage.
Flavor: r-devel-linux-x86_64-fedora-clang

Version: 0.5.1
Check: dependencies in R code
Result: NOTE
    Namespace in Imports field not imported from: ‘MatrixExtra’
     All declared Imports should be used.
Flavors: r-devel-linux-x86_64-fedora-clang, r-devel-linux-x86_64-fedora-gcc, r-oldrel-macos-arm64, r-oldrel-macos-x86_64

Version: 0.5.1
Check: installed package size
Result: NOTE
     installed size is 10.0Mb
     sub-directories of 1Mb or more:
     libs 9.2Mb
Flavors: r-release-macos-arm64, r-release-macos-x86_64, r-oldrel-macos-arm64, r-oldrel-macos-x86_64