Last updated on 2024-07-17 20:57:10 CEST.
Flavor | Version | Tinstall | Tcheck | Ttotal | Status | Flags |
---|---|---|---|---|---|---|
r-devel-linux-x86_64-debian-clang | 0.2.0 | 2.47 | 32.10 | 34.57 | NOTE | |
r-devel-linux-x86_64-debian-gcc | 0.2.0 | 1.79 | 23.76 | 25.55 | NOTE | |
r-devel-linux-x86_64-fedora-clang | 0.2.0 | 42.39 | NOTE | |||
r-devel-linux-x86_64-fedora-gcc | 0.2.0 | 40.10 | NOTE | |||
r-devel-windows-x86_64 | 0.2.0 | 3.00 | 47.00 | 50.00 | NOTE | |
r-patched-linux-x86_64 | 0.2.0 | 2.37 | 29.68 | 32.05 | NOTE | |
r-release-linux-x86_64 | 0.2.0 | 2.06 | 30.17 | 32.23 | NOTE | |
r-release-macos-arm64 | 0.2.0 | 18.00 | NOTE | |||
r-release-macos-x86_64 | 0.2.0 | 24.00 | NOTE | |||
r-release-windows-x86_64 | 0.2.0 | 3.00 | 48.00 | 51.00 | NOTE | |
r-oldrel-macos-arm64 | 0.2.0 | 19.00 | NOTE | |||
r-oldrel-macos-x86_64 | 0.2.0 | 23.00 | NOTE | |||
r-oldrel-windows-x86_64 | 0.2.0 | 3.00 | 49.00 | 52.00 | NOTE |
Version: 0.2.0
Check: LazyData
Result: NOTE
'LazyData' is specified without a 'data' directory
Flavors: r-devel-linux-x86_64-debian-clang, r-devel-linux-x86_64-debian-gcc, r-devel-linux-x86_64-fedora-clang, r-devel-linux-x86_64-fedora-gcc, r-devel-windows-x86_64, r-patched-linux-x86_64, r-release-linux-x86_64, r-release-macos-arm64, r-release-macos-x86_64, r-release-windows-x86_64, r-oldrel-macos-arm64, r-oldrel-macos-x86_64, r-oldrel-windows-x86_64