Last updated on 2024-07-17 20:57:10 CEST.
Flavor | Version | Tinstall | Tcheck | Ttotal | Status | Flags |
---|---|---|---|---|---|---|
r-devel-linux-x86_64-debian-clang | 0.1.7 | 298.48 | 37.52 | 336.00 | OK | |
r-devel-linux-x86_64-debian-gcc | 0.1.7 | 234.51 | 28.55 | 263.06 | OK | |
r-devel-linux-x86_64-fedora-clang | 0.1.7 | 7.72 | ERROR | |||
r-devel-linux-x86_64-fedora-gcc | 0.1.7 | 7.59 | ERROR | |||
r-devel-windows-x86_64 | 0.1.7 | 123.00 | 91.00 | 214.00 | OK | |
r-patched-linux-x86_64 | 0.1.6 | 226.50 | 35.89 | 262.39 | OK | |
r-release-linux-x86_64 | 0.1.7 | 292.40 | 36.53 | 328.93 | OK | |
r-release-macos-arm64 | 0.1.7 | 124.00 | NOTE | |||
r-release-macos-x86_64 | 0.1.7 | 149.00 | NOTE | |||
r-release-windows-x86_64 | 0.1.7 | 110.00 | 94.00 | 204.00 | OK | |
r-oldrel-macos-arm64 | 0.1.7 | 110.00 | NOTE | |||
r-oldrel-macos-x86_64 | 0.1.7 | 46.00 | ERROR | |||
r-oldrel-windows-x86_64 | 0.1.7 | 105.00 | 99.00 | 204.00 | OK |
Version: 0.1.7
Check: whether package can be installed
Result: ERROR
Installation failed.
Flavors: r-devel-linux-x86_64-fedora-clang, r-devel-linux-x86_64-fedora-gcc, r-oldrel-macos-x86_64
Version: 0.1.7
Check: installed package size
Result: NOTE
installed size is 13.9Mb
sub-directories of 1Mb or more:
libs 13.1Mb
Flavors: r-release-macos-arm64, r-release-macos-x86_64, r-oldrel-macos-arm64