Last updated on 2024-03-28 19:48:44 CET.
Flavor | Version | Tinstall | Tcheck | Ttotal | Status | Flags |
---|---|---|---|---|---|---|
r-devel-linux-x86_64-debian-clang | 0.1-22 | 9.76 | 24.85 | 34.61 | OK | |
r-devel-linux-x86_64-debian-gcc | 0.1-22 | 6.37 | 19.77 | 26.14 | OK | |
r-devel-linux-x86_64-fedora-clang | 0.1-22 | 49.23 | NOTE | |||
r-devel-linux-x86_64-fedora-gcc | 0.1-22 | 42.09 | NOTE | |||
r-devel-windows-x86_64 | 0.1-22 | 9.00 | 50.00 | 59.00 | OK | |
r-patched-linux-x86_64 | 0.1-22 | 7.87 | 24.33 | 32.20 | OK | |
r-release-linux-x86_64 | 0.1-22 | 7.81 | 24.60 | 32.41 | OK | |
r-release-macos-arm64 | 0.1-22 | 17.00 | OK | |||
r-release-macos-x86_64 | 0.1-22 | 29.00 | OK | |||
r-release-windows-x86_64 | 0.1-22 | 11.00 | 58.00 | 69.00 | OK | |
r-oldrel-macos-arm64 | 0.1-22 | 19.00 | OK | |||
r-oldrel-windows-x86_64 | 0.1-22 | 22.00 | 53.00 | 75.00 | OK |
Version: 0.1-22
Check: compiled code
Result: NOTE
File ‘rsdepth/libs/rsdepth.so’:
Found no calls to: ‘R_registerRoutines’, ‘R_useDynamicSymbols’
It is good practice to register native routines and to disable symbol
search.
See ‘Writing portable packages’ in the ‘Writing R Extensions’ manual.
Flavors: r-devel-linux-x86_64-fedora-clang, r-devel-linux-x86_64-fedora-gcc