Last updated on 2025-05-07 20:49:56 CEST.
Flavor | Version | Tinstall | Tcheck | Ttotal | Status | Flags |
---|---|---|---|---|---|---|
r-devel-linux-x86_64-debian-clang | 0.0.2 | 4.51 | 46.07 | 50.58 | OK | |
r-devel-linux-x86_64-debian-gcc | 0.0.2 | 3.07 | 34.39 | 37.46 | OK | |
r-devel-linux-x86_64-fedora-clang | 0.0.2 | 83.79 | OK | |||
r-devel-linux-x86_64-fedora-gcc | 0.0.2 | 79.75 | OK | |||
r-patched-linux-x86_64 | 0.0.2 | 4.00 | 43.56 | 47.56 | OK | |
r-release-linux-x86_64 | 0.0.2 | 3.87 | 43.63 | 47.50 | OK | |
r-release-macos-arm64 | 0.0.2 | 40.00 | OK | |||
r-release-macos-x86_64 | 0.0.2 | 46.00 | OK | |||
r-oldrel-macos-arm64 | 0.0.2 | 39.00 | NOTE | |||
r-oldrel-macos-x86_64 | 0.0.2 | 83.00 | NOTE |
Version: 0.0.2
Check: package dependencies
Result: NOTE
Package suggested but not available for checking: ‘polars’
Flavors: r-oldrel-macos-arm64, r-oldrel-macos-x86_64
Version: 0.0.2
Check: installed package size
Result: NOTE
installed size is 5.0Mb
sub-directories of 1Mb or more:
extdata 4.8Mb
Flavors: r-oldrel-macos-arm64, r-oldrel-macos-x86_64
Version: 0.0.2
Check: Rd cross-references
Result: NOTE
Package unavailable to check Rd xrefs: ‘polars’
Flavors: r-oldrel-macos-arm64, r-oldrel-macos-x86_64