Last updated on 2025-11-03 21:50:35 CET.
| Flavor | Version | Tinstall | Tcheck | Ttotal | Status | Flags | 
|---|---|---|---|---|---|---|
| r-devel-linux-x86_64-debian-clang | 1.0.0 | 8.26 | 106.06 | 114.32 | OK | |
| r-devel-linux-x86_64-debian-gcc | 1.0.0 | 6.27 | 76.56 | 82.83 | OK | |
| r-devel-linux-x86_64-fedora-clang | 1.0.0 | 18.00 | 155.91 | 173.91 | NOTE | |
| r-devel-linux-x86_64-fedora-gcc | 1.0.0 | 17.00 | 179.51 | 196.51 | NOTE | |
| r-devel-windows-x86_64 | 1.0.0 | 9.00 | 110.00 | 119.00 | OK | |
| r-patched-linux-x86_64 | 1.0.0 | 8.41 | 100.69 | 109.10 | OK | |
| r-release-linux-x86_64 | 1.0.0 | 7.65 | 100.21 | 107.86 | OK | |
| r-release-macos-arm64 | 1.0.0 | 3.00 | 50.00 | 53.00 | OK | |
| r-release-macos-x86_64 | 1.0.0 | 6.00 | 92.00 | 98.00 | OK | |
| r-release-windows-x86_64 | 1.0.0 | 10.00 | 107.00 | 117.00 | OK | |
| r-oldrel-macos-arm64 | 1.0.0 | 4.00 | 48.00 | 52.00 | OK | |
| r-oldrel-macos-x86_64 | 1.0.0 | 5.00 | 66.00 | 71.00 | OK | |
| r-oldrel-windows-x86_64 | 1.0.0 | 13.00 | 142.00 | 155.00 | OK | 
Version: 1.0.0
Check: dependencies in R code
Result: NOTE
  Namespace in Imports field not imported from: ‘Rcpp’
    All declared Imports should be used.
Flavors: r-devel-linux-x86_64-fedora-clang, r-devel-linux-x86_64-fedora-gcc