Last updated on 2025-07-02 21:54:05 CEST.
Flavor | Version | Tinstall | Tcheck | Ttotal | Status | Flags |
---|---|---|---|---|---|---|
r-devel-linux-x86_64-debian-clang | 1.1 | 30.49 | 46.37 | 76.86 | NOTE | |
r-devel-linux-x86_64-debian-gcc | 1.1 | 22.48 | 33.67 | 56.15 | NOTE | |
r-devel-linux-x86_64-fedora-clang | 1.1 | 126.43 | OK | |||
r-devel-linux-x86_64-fedora-gcc | 1.1 | 120.74 | OK | |||
r-devel-windows-x86_64 | 1.1 | 30.00 | 89.00 | 119.00 | OK | |
r-patched-linux-x86_64 | 1.1 | 32.04 | 43.68 | 75.72 | OK | |
r-release-linux-x86_64 | 1.1 | 30.03 | 43.81 | 73.84 | OK | |
r-release-macos-arm64 | 1.1 | 36.00 | OK | |||
r-release-macos-x86_64 | 1.1 | 84.00 | OK | |||
r-release-windows-x86_64 | 1.1 | 30.00 | 90.00 | 120.00 | OK | |
r-oldrel-macos-arm64 | 1.1 | 35.00 | OK | |||
r-oldrel-macos-x86_64 | 1.1 | 68.00 | OK | |||
r-oldrel-windows-x86_64 | 1.1 | 28.00 | 100.00 | 128.00 | OK |
Version: 1.1
Check: CRAN incoming feasibility
Result: NOTE
Maintainer: ‘Bowen Wang <bowenwang7@gmail.com>’
No Authors@R field in DESCRIPTION.
Please add one, modifying
Authors@R: person(given = "Bowen",
family = "Wang",
role = c("aut", "cre"),
email = "bowenwang7@gmail.com")
as necessary.
Flavors: r-devel-linux-x86_64-debian-clang, r-devel-linux-x86_64-debian-gcc