Last updated on 2025-02-06 19:49:34 CET.
Flavor | Version | Tinstall | Tcheck | Ttotal | Status | Flags |
---|---|---|---|---|---|---|
r-devel-linux-x86_64-debian-clang | 0.1.0 | 3.32 | 37.95 | 41.27 | NOTE | |
r-devel-linux-x86_64-debian-gcc | 0.1.0 | 2.54 | 29.05 | 31.59 | NOTE | |
r-devel-linux-x86_64-fedora-clang | 0.1.0 | 67.89 | OK | |||
r-devel-linux-x86_64-fedora-gcc | 0.1.0 | 76.23 | OK | |||
r-devel-windows-x86_64 | 0.1.0 | 7.00 | 62.00 | 69.00 | NOTE | |
r-patched-linux-x86_64 | 0.1.0 | 8.48 | 35.90 | 44.38 | OK | |
r-release-linux-x86_64 | 0.1.0 | 3.61 | 35.92 | 39.53 | OK | |
r-release-macos-arm64 | 0.1.0 | 42.00 | OK | |||
r-release-macos-x86_64 | 0.1.0 | 49.00 | OK | |||
r-release-windows-x86_64 | 0.1.0 | 5.00 | 59.00 | 64.00 | OK | |
r-oldrel-macos-arm64 | 0.1.0 | 33.00 | OK | |||
r-oldrel-macos-x86_64 | 0.1.0 | 45.00 | OK | |||
r-oldrel-windows-x86_64 | 0.1.0 | 7.00 | 65.00 | 72.00 | OK |
Version: 0.1.0
Check: Rd cross-references
Result: NOTE
Found the following Rd file(s) with Rd \link{} targets missing package
anchors:
all_markets.Rd: tibble
format_market_data.Rd: tibble
historical_plot.Rd: xts
markets_table.Rd: shiny, tibble
parse_historical_csv.Rd: xts
single_market.Rd: tibble
tweet_markets.Rd: tibble
Please provide package anchors for all Rd \link{} targets not in the
package itself and the base packages.
Flavors: r-devel-linux-x86_64-debian-clang, r-devel-linux-x86_64-debian-gcc, r-devel-windows-x86_64