CRAN Package Check Results for Package roll

Last updated on 2023-01-30 20:55:57 CET.

Flavor Version Tinstall Tcheck Ttotal Status Flags
r-devel-linux-x86_64-debian-clang 1.1.6 47.30 31.41 78.71 NOTE
r-devel-linux-x86_64-debian-gcc 1.1.6 53.62 25.00 78.62 NOTE
r-devel-linux-x86_64-fedora-clang 1.1.6 124.26 NOTE
r-devel-linux-x86_64-fedora-gcc 1.1.6 137.16 NOTE
r-devel-windows-x86_64 1.1.6 62.00 89.00 151.00 NOTE
r-patched-linux-x86_64 1.1.6 51.37 30.88 82.25 NOTE
r-release-linux-x86_64 1.1.6 54.47 31.06 85.53 NOTE
r-release-macos-arm64 1.1.6 37.00 NOTE
r-release-macos-x86_64 1.1.6 47.00 NOTE
r-release-windows-x86_64 1.1.6 54.00 94.00 148.00 NOTE
r-oldrel-macos-arm64 1.1.6 41.00 NOTE
r-oldrel-macos-x86_64 1.1.6 75.00 NOTE
r-oldrel-windows-ix86+x86_64 1.1.6 140.00 96.00 236.00 NOTE

Check Details

Version: 1.1.6
Check: for GNU extensions in Makefiles
Result: NOTE
    GNU make is a SystemRequirements.
Flavors: r-devel-linux-x86_64-debian-clang, r-devel-linux-x86_64-debian-gcc, r-devel-linux-x86_64-fedora-clang, r-devel-linux-x86_64-fedora-gcc, r-devel-windows-x86_64, r-patched-linux-x86_64, r-release-linux-x86_64, r-release-macos-arm64, r-release-macos-x86_64, r-release-windows-x86_64, r-oldrel-macos-arm64, r-oldrel-macos-x86_64, r-oldrel-windows-ix86+x86_64

Version: 1.1.6
Check: C++ specification
Result: NOTE
     Specified C++11: please update to current default of C++17
Flavors: r-devel-linux-x86_64-debian-gcc, r-devel-linux-x86_64-fedora-clang, r-devel-linux-x86_64-fedora-gcc, r-devel-windows-x86_64

Version: 1.1.6
Check: installed package size
Result: NOTE
     installed size is 5.5Mb
     sub-directories of 1Mb or more:
     libs 5.3Mb
Flavors: r-release-macos-arm64, r-release-macos-x86_64, r-oldrel-macos-arm64, r-oldrel-macos-x86_64