CRAN Package Check Results for Package robustsur

Last updated on 2024-06-12 20:59:12 CEST.

Flavor Version Tinstall Tcheck Ttotal Status Flags
r-devel-linux-x86_64-debian-clang 0.0-7 9.95 101.71 111.66 OK
r-devel-linux-x86_64-debian-gcc 0.0-7 0.30 1.73 2.03 ERROR
r-devel-linux-x86_64-fedora-clang 0.0-7 144.99 OK
r-devel-linux-x86_64-fedora-gcc 0.0-7 134.26 OK
r-devel-windows-x86_64 0.0-7 12.00 86.00 98.00 OK
r-patched-linux-x86_64 0.0-7 18.87 100.23 119.10 OK
r-release-linux-x86_64 0.0-7 7.26 99.86 107.12 OK
r-release-macos-arm64 0.0-7 42.00 OK
r-release-macos-x86_64 0.0-7 62.00 OK
r-release-windows-x86_64 0.0-7 11.00 89.00 100.00 OK
r-oldrel-macos-arm64 0.0-7 47.00 OK
r-oldrel-macos-x86_64 0.0-7 75.00 OK
r-oldrel-windows-x86_64 0.0-7 13.00 104.00 117.00 OK

Check Details

Version: 0.0-7
Check: package dependencies
Result: ERROR Packages required but not available: 'robreg3S', 'GSE' Package suggested but not available for checking: ‘systemfit’ See section ‘The DESCRIPTION file’ in the ‘Writing R Extensions’ manual. Flavor: r-devel-linux-x86_64-debian-gcc