Last updated on 2023-02-03 20:51:35 CET.
Flavor | Version | Tinstall | Tcheck | Ttotal | Status | Flags |
---|---|---|---|---|---|---|
r-devel-linux-x86_64-debian-clang | 0.1 | 113.33 | 126.15 | 239.48 | NOTE | |
r-devel-linux-x86_64-debian-gcc | 0.1 | 91.05 | 95.46 | 186.51 | NOTE | |
r-devel-linux-x86_64-fedora-clang | 0.1 | 343.03 | NOTE | |||
r-devel-linux-x86_64-fedora-gcc | 0.1 | 329.26 | NOTE | |||
r-patched-linux-x86_64 | 0.1 | 91.87 | 118.29 | 210.16 | OK | |
r-release-linux-x86_64 | 0.1 | 76.79 | 122.24 | 199.03 | OK | |
r-release-macos-arm64 | 0.1 | 71.00 | OK | |||
r-release-macos-x86_64 | 0.1 | 122.00 | OK | |||
r-release-windows-x86_64 | 0.1 | 97.00 | 192.00 | 289.00 | OK | |
r-oldrel-macos-arm64 | 0.1 | 84.00 | OK | |||
r-oldrel-macos-x86_64 | 0.1 | 98.00 | OK | |||
r-oldrel-windows-ix86+x86_64 | 0.1 | 284.00 | 205.00 | 489.00 | OK |
Version: 0.1
Check: C++ specification
Result: NOTE
Specified C++11: please update to current default of C++17
Flavors: r-devel-linux-x86_64-debian-clang, r-devel-linux-x86_64-debian-gcc, r-devel-linux-x86_64-fedora-clang, r-devel-linux-x86_64-fedora-gcc