Last updated on 2024-07-17 20:57:10 CEST.
Flavor | Version | Tinstall | Tcheck | Ttotal | Status | Flags |
---|---|---|---|---|---|---|
r-devel-linux-x86_64-debian-clang | 0.3.0 | 9.93 | 76.89 | 86.82 | OK | |
r-devel-linux-x86_64-debian-gcc | 0.3.0 | 7.46 | 56.41 | 63.87 | OK | |
r-devel-linux-x86_64-fedora-clang | 0.3.0 | 117.47 | OK | |||
r-devel-linux-x86_64-fedora-gcc | 0.3.0 | 101.44 | OK | |||
r-devel-windows-x86_64 | 0.3.0 | 10.00 | 71.00 | 81.00 | NOTE | |
r-patched-linux-x86_64 | 0.3.0 | 13.91 | 72.94 | 86.85 | OK | |
r-release-linux-x86_64 | 0.3.0 | 11.14 | 75.06 | 86.20 | OK | |
r-release-macos-arm64 | 0.3.0 | 32.00 | OK | |||
r-release-macos-x86_64 | 0.3.0 | 49.00 | OK | |||
r-release-windows-x86_64 | 0.3.0 | 9.00 | 73.00 | 82.00 | OK | |
r-oldrel-macos-arm64 | 0.3.0 | 31.00 | OK | |||
r-oldrel-macos-x86_64 | 0.3.0 | 54.00 | OK | |||
r-oldrel-windows-x86_64 | 0.3.0 | 12.00 | 84.00 | 96.00 | OK |
Version: 0.3.0
Check: Rd cross-references
Result: NOTE
Found the following Rd file(s) with Rd \link{} targets missing package
anchors:
robustbetareg.Rd: betareg
Please provide package anchors for all Rd \link{} targets not in the
package itself and the base packages.
Flavor: r-devel-windows-x86_64