Last updated on 2024-03-28 19:48:43 CET.
Flavor | Version | Tinstall | Tcheck | Ttotal | Status | Flags |
---|---|---|---|---|---|---|
r-devel-linux-x86_64-debian-clang | 0.7.13 | 3.31 | 46.19 | 49.50 | NOTE | |
r-devel-linux-x86_64-debian-gcc | 0.7.13 | 2.70 | 35.83 | 38.53 | NOTE | |
r-devel-linux-x86_64-fedora-clang | 0.7.13 | 63.87 | NOTE | |||
r-devel-linux-x86_64-fedora-gcc | 0.7.13 | 72.53 | NOTE | |||
r-devel-windows-x86_64 | 0.7.13 | 5.00 | 61.00 | 66.00 | NOTE | |
r-patched-linux-x86_64 | 0.7.13 | 3.10 | 44.97 | 48.07 | NOTE | |
r-release-linux-x86_64 | 0.7.13 | 3.27 | 43.86 | 47.13 | NOTE | |
r-release-macos-arm64 | 0.7.13 | 31.00 | NOTE | |||
r-release-macos-x86_64 | 0.7.13 | 45.00 | NOTE | |||
r-release-windows-x86_64 | 0.7.13 | 6.00 | 64.00 | 70.00 | NOTE | |
r-oldrel-macos-arm64 | 0.7.13 | 25.00 | NOTE | |||
r-oldrel-windows-x86_64 | 0.7.13 | 5.00 | 63.00 | 68.00 | NOTE |
Version: 0.7.13
Check: LazyData
Result: NOTE
'LazyData' is specified without a 'data' directory
Flavors: r-devel-linux-x86_64-debian-clang, r-devel-linux-x86_64-debian-gcc, r-devel-linux-x86_64-fedora-clang, r-devel-linux-x86_64-fedora-gcc, r-devel-windows-x86_64, r-patched-linux-x86_64, r-release-linux-x86_64, r-release-macos-arm64, r-release-macos-x86_64, r-release-windows-x86_64, r-oldrel-macos-arm64, r-oldrel-windows-x86_64
Version: 0.7.13
Check: dependencies in R code
Result: NOTE
Namespace in Imports field not imported from: ‘future’
All declared Imports should be used.
Flavors: r-devel-linux-x86_64-fedora-clang, r-devel-linux-x86_64-fedora-gcc, r-oldrel-macos-arm64