Last updated on 2024-03-28 19:48:43 CET.
Flavor | Version | Tinstall | Tcheck | Ttotal | Status | Flags |
---|---|---|---|---|---|---|
r-devel-linux-x86_64-debian-clang | 2.11.3 | 12.05 | 94.12 | 106.17 | OK | |
r-devel-linux-x86_64-debian-gcc | 2.11.3 | 6.85 | 71.50 | 78.35 | OK | |
r-devel-linux-x86_64-fedora-clang | 2.11.3 | 139.29 | NOTE | |||
r-devel-linux-x86_64-fedora-gcc | 2.11.3 | 150.76 | NOTE | |||
r-devel-windows-x86_64 | 2.11.3 | 9.00 | 98.00 | 107.00 | OK | |
r-patched-linux-x86_64 | 2.11.3 | 7.10 | 91.61 | 98.71 | OK | |
r-release-linux-x86_64 | 2.11.3 | 6.64 | 90.67 | 97.31 | OK | |
r-release-macos-arm64 | 2.11.3 | 59.00 | OK | |||
r-release-macos-x86_64 | 2.11.3 | 81.00 | OK | |||
r-release-windows-x86_64 | 2.11.3 | 13.00 | 108.00 | 121.00 | OK | |
r-oldrel-macos-arm64 | 2.11.3 | 53.00 | NOTE | |||
r-oldrel-windows-x86_64 | 2.11.3 | 13.00 | 111.00 | 124.00 | OK |
Version: 2.11.3
Check: dependencies in R code
Result: NOTE
Namespace in Imports field not imported from: ‘memoise’
All declared Imports should be used.
Flavors: r-devel-linux-x86_64-fedora-clang, r-devel-linux-x86_64-fedora-gcc, r-oldrel-macos-arm64