CRAN Package Check Results for Package robStepSplitReg

Last updated on 2025-04-29 21:50:01 CEST.

Flavor Version Tinstall Tcheck Ttotal Status Flags
r-devel-linux-x86_64-debian-clang 1.1.0 48.09 44.55 92.64 NOTE
r-devel-linux-x86_64-debian-gcc 1.1.0 30.36 34.73 65.09 NOTE
r-devel-linux-x86_64-fedora-clang 1.1.0 173.45 OK
r-devel-linux-x86_64-fedora-gcc 1.1.0 152.20 OK
r-devel-windows-x86_64 1.1.0 60.00 80.00 140.00 OK
r-patched-linux-x86_64 1.1.0 40.77 42.54 83.31 OK
r-release-linux-x86_64 1.1.0 42.62 42.59 85.21 OK
r-release-macos-arm64 1.1.0 46.00 OK
r-release-macos-x86_64 1.1.0 65.00 OK
r-release-windows-x86_64 1.1.0 64.00 78.00 142.00 OK
r-oldrel-macos-arm64 1.1.0 48.00 OK
r-oldrel-macos-x86_64 1.1.0 63.00 OK
r-oldrel-windows-x86_64 1.1.0 67.00 103.00 170.00 OK

Check Details

Version: 1.1.0
Check: examples
Result: NOTE Examples with CPU (user + system) or elapsed time > 5s user system elapsed coef.robStepSplitReg 5.975 0.376 8.410 predict.robStepSplitReg 2.919 0.089 5.071 Flavor: r-devel-linux-x86_64-debian-clang

Version: 1.1.0
Check: examples
Result: NOTE Examples with CPU (user + system) or elapsed time > 5s user system elapsed coef.robStepSplitReg 4.541 0.38 5.685 Flavor: r-devel-linux-x86_64-debian-gcc