CRAN Package Check Results for Package rnmamod

Last updated on 2022-12-02 20:53:24 CET.

Flavor Version Tinstall Tcheck Ttotal Status Flags
r-devel-linux-x86_64-debian-clang 0.3.0 26.59 269.74 296.33 OK
r-devel-linux-x86_64-debian-gcc 0.3.0 20.81 196.84 217.65 OK
r-devel-linux-x86_64-fedora-clang 0.3.0 388.73 NOTE
r-devel-linux-x86_64-fedora-gcc 0.3.0 368.83 OK
r-devel-windows-x86_64 0.3.0 57.00 300.00 357.00 OK
r-patched-linux-x86_64 0.3.0 25.52 248.12 273.64 OK
r-release-linux-x86_64 0.3.0 25.60 241.45 267.05 OK
r-release-macos-arm64 0.3.0 85.00 OK
r-release-macos-x86_64 0.3.0 118.00 OK
r-release-windows-x86_64 0.3.0 56.00 301.00 357.00 OK
r-oldrel-macos-arm64 0.3.0 96.00 OK
r-oldrel-macos-x86_64 0.3.0 120.00 OK
r-oldrel-windows-ix86+x86_64 0.3.0 55.00 280.00 335.00 OK

Check Details

Version: 0.3.0
Check: Rd cross-references
Result: NOTE
    Undeclared package ‘metafor’ in Rd xrefs
Flavor: r-devel-linux-x86_64-fedora-clang