Last updated on 2025-05-08 20:49:46 CEST.
Flavor | Version | Tinstall | Tcheck | Ttotal | Status | Flags |
---|---|---|---|---|---|---|
r-devel-linux-x86_64-debian-clang | 0.2.6 | 4.93 | 26.52 | 31.45 | OK | |
r-devel-linux-x86_64-debian-gcc | 0.2.6 | 4.18 | 22.26 | 26.44 | OK | |
r-devel-linux-x86_64-fedora-clang | 0.2.6 | 48.73 | NOTE | |||
r-devel-linux-x86_64-fedora-gcc | 0.2.6 | 61.94 | NOTE | |||
r-devel-windows-x86_64 | 0.2.6 | 7.00 | 48.00 | 55.00 | OK | |
r-patched-linux-x86_64 | 0.2.6 | 4.37 | 24.59 | 28.96 | OK | |
r-release-linux-x86_64 | 0.2.6 | 4.41 | 24.75 | 29.16 | OK | |
r-release-macos-arm64 | 0.2.6 | 38.00 | OK | |||
r-release-macos-x86_64 | 0.2.6 | 56.00 | OK | |||
r-release-windows-x86_64 | 0.2.6 | 7.00 | 52.00 | 59.00 | OK | |
r-oldrel-macos-arm64 | 0.2.6 | 29.00 | OK | |||
r-oldrel-macos-x86_64 | 0.2.6 | 45.00 | OK | |||
r-oldrel-windows-x86_64 | 0.2.6 | 9.00 | 55.00 | 64.00 | OK |
Version: 0.2.6
Check: compiled code
Result: NOTE
File ‘rnetcarto/libs/rnetcarto.so’:
Found no calls to: ‘R_registerRoutines’, ‘R_useDynamicSymbols’
It is good practice to register native routines and to disable symbol
search.
See ‘Writing portable packages’ in the ‘Writing R Extensions’ manual.
Flavors: r-devel-linux-x86_64-fedora-clang, r-devel-linux-x86_64-fedora-gcc