Last updated on 2024-07-17 20:57:10 CEST.
Flavor | Version | Tinstall | Tcheck | Ttotal | Status | Flags |
---|---|---|---|---|---|---|
r-devel-linux-x86_64-debian-clang | 0.2.6 | 7.29 | 71.24 | 78.53 | OK | |
r-devel-linux-x86_64-debian-gcc | 0.2.6 | 4.42 | 52.30 | 56.72 | OK | |
r-devel-linux-x86_64-fedora-clang | 0.2.6 | 98.50 | OK | |||
r-devel-linux-x86_64-fedora-gcc | 0.2.6 | 88.68 | OK | |||
r-devel-windows-x86_64 | 0.2.6 | 8.00 | 76.00 | 84.00 | NOTE | |
r-patched-linux-x86_64 | 0.2.6 | 11.95 | 68.06 | 80.01 | OK | |
r-release-linux-x86_64 | 0.2.6 | 4.15 | 67.41 | 71.56 | OK | |
r-release-macos-arm64 | 0.2.6 | 30.00 | OK | |||
r-release-macos-x86_64 | 0.2.6 | 62.00 | OK | |||
r-release-windows-x86_64 | 0.2.6 | 8.00 | 76.00 | 84.00 | OK | |
r-oldrel-macos-arm64 | 0.2.6 | 32.00 | OK | |||
r-oldrel-macos-x86_64 | 0.2.6 | 52.00 | OK | |||
r-oldrel-windows-x86_64 | 0.2.6 | 8.00 | 89.00 | 97.00 | OK |
Version: 0.2.6
Check: Rd cross-references
Result: NOTE
Found the following Rd file(s) with Rd \link{} targets missing package
anchors:
rmw_partial_dependencies.Rd: partial
Please provide package anchors for all Rd \link{} targets not in the
package itself and the base packages.
Flavor: r-devel-windows-x86_64