CRAN Package Check Results for Package rmumps

Last updated on 2022-11-25 19:50:02 CET.

Flavor Version Tinstall Tcheck Ttotal Status Flags
r-devel-linux-x86_64-debian-clang 5.2.1-20 259.47 62.99 322.46 NOTE
r-devel-linux-x86_64-debian-gcc 5.2.1-20 224.68 48.14 272.82 NOTE
r-devel-linux-x86_64-fedora-clang 5.2.1-20 430.52 NOTE
r-devel-linux-x86_64-fedora-gcc 5.2.1-20 465.91 NOTE
r-devel-windows-x86_64 5.2.1-20 1142.00 132.00 1274.00 NOTE
r-patched-linux-x86_64 5.2.1-20 NOTE
r-release-linux-x86_64 5.2.1-20 217.55 61.44 278.99 NOTE
r-release-macos-arm64 5.2.1-20 232.00 NOTE
r-release-macos-x86_64 5.2.1-20 183.00 NOTE
r-release-windows-x86_64 5.2.1-20 1063.00 132.00 1195.00 NOTE
r-oldrel-macos-arm64 5.2.1-20 200.00 NOTE
r-oldrel-macos-x86_64 5.2.1-20 189.00 NOTE
r-oldrel-windows-ix86+x86_64 5.2.1-20 675.00 152.00 827.00 NOTE

Additional issues

M1mac

Check Details

Version: 5.2.1-20
Check: for GNU extensions in Makefiles
Result: NOTE
    GNU make is a SystemRequirements.
Flavors: r-devel-linux-x86_64-debian-clang, r-devel-linux-x86_64-debian-gcc, r-devel-linux-x86_64-fedora-clang, r-devel-linux-x86_64-fedora-gcc, r-devel-windows-x86_64, r-patched-linux-x86_64, r-release-linux-x86_64, r-release-macos-arm64, r-release-macos-x86_64, r-release-windows-x86_64, r-oldrel-macos-arm64, r-oldrel-macos-x86_64, r-oldrel-windows-ix86+x86_64

Version: 5.2.1-20
Check: installed package size
Result: NOTE
     installed size is 12.4Mb
     sub-directories of 1Mb or more:
     libs 12.1Mb
Flavors: r-release-macos-arm64, r-release-macos-x86_64, r-oldrel-macos-arm64, r-oldrel-macos-x86_64, r-oldrel-windows-ix86+x86_64