Last updated on 2024-03-28 19:48:43 CET.
Flavor | Version | Tinstall | Tcheck | Ttotal | Status | Flags |
---|---|---|---|---|---|---|
r-devel-linux-x86_64-debian-clang | 5.2.1-28 | 369.81 | 62.43 | 432.24 | NOTE | |
r-devel-linux-x86_64-debian-gcc | 5.2.1-28 | 237.49 | 46.28 | 283.77 | NOTE | |
r-devel-linux-x86_64-fedora-clang | 5.2.1-28 | 563.14 | WARN | |||
r-devel-linux-x86_64-fedora-gcc | 5.2.1-28 | 521.01 | NOTE | |||
r-devel-windows-x86_64 | 5.2.1-28 | 283.00 | 103.00 | 386.00 | NOTE | |
r-patched-linux-x86_64 | 5.2.1-28 | 291.32 | 60.90 | 352.22 | NOTE | |
r-release-linux-x86_64 | 5.2.1-28 | 280.36 | 62.06 | 342.42 | NOTE | |
r-release-macos-arm64 | 5.2.1-28 | 163.00 | NOTE | |||
r-release-macos-x86_64 | 5.2.1-28 | 209.00 | NOTE | |||
r-release-windows-x86_64 | 5.2.1-28 | 272.00 | 117.00 | 389.00 | NOTE | |
r-oldrel-macos-arm64 | 5.2.1-28 | 231.00 | NOTE | |||
r-oldrel-windows-x86_64 | 5.2.1-28 | 357.00 | 109.00 | 466.00 | NOTE |
Version: 5.2.1-28
Check: for GNU extensions in Makefiles
Result: NOTE
GNU make is a SystemRequirements.
Flavors: r-devel-linux-x86_64-debian-clang, r-devel-linux-x86_64-debian-gcc, r-devel-linux-x86_64-fedora-clang, r-devel-linux-x86_64-fedora-gcc, r-devel-windows-x86_64, r-patched-linux-x86_64, r-release-linux-x86_64, r-release-macos-arm64, r-release-macos-x86_64, r-release-windows-x86_64, r-oldrel-macos-arm64, r-oldrel-windows-x86_64
Version: 5.2.1-28
Check: whether package can be installed
Result: WARN
Found the following significant warnings:
/usr/include/features.h:412:4: warning: _FORTIFY_SOURCE requires compiling with optimization (-O) [-W#warnings]
See ‘/data/gannet/ripley/R/packages/tests-clang/rmumps.Rcheck/00install.out’ for details.
* used C compiler: ‘clang version 18.1.1’
* used C++ compiler: ‘clang version 18.1.1’
Flavor: r-devel-linux-x86_64-fedora-clang
Version: 5.2.1-28
Check: installed package size
Result: NOTE
installed size is 12.1Mb
sub-directories of 1Mb or more:
libs 11.8Mb
Flavors: r-release-macos-arm64, r-release-macos-x86_64, r-oldrel-macos-arm64