CRAN Package Check Results for Package rmsfuns

Last updated on 2023-11-28 20:48:38 CET.

Flavor Version Tinstall Tcheck Ttotal Status Flags
r-devel-linux-x86_64-debian-clang 1.0.0.1 6.68 49.99 56.67 NOTE
r-devel-linux-x86_64-debian-gcc 1.0.0.1 5.15 36.86 42.01 NOTE
r-devel-linux-x86_64-fedora-clang 1.0.0.1 70.39 NOTE
r-devel-linux-x86_64-fedora-gcc 1.0.0.1 76.99 NOTE
r-devel-windows-x86_64 1.0.0.1 7.00 59.00 66.00 NOTE
r-patched-linux-x86_64 1.0.0.1 4.93 45.92 50.85 NOTE
r-release-linux-x86_64 1.0.0.1 3.47 46.57 50.04 NOTE
r-release-macos-arm64 1.0.0.1 30.00 NOTE
r-release-macos-x86_64 1.0.0.1 46.00 NOTE
r-release-windows-x86_64 1.0.0.1 9.00 63.00 72.00 NOTE
r-oldrel-macos-arm64 1.0.0.1 23.00 NOTE
r-oldrel-macos-x86_64 1.0.0.1 48.00 NOTE
r-oldrel-windows-x86_64 1.0.0.1 8.00 69.00 77.00 NOTE

Check Details

Version: 1.0.0.1
Check: LazyData
Result: NOTE 'LazyData' is specified without a 'data' directory Flavors: r-devel-linux-x86_64-debian-clang, r-devel-linux-x86_64-debian-gcc, r-devel-linux-x86_64-fedora-clang, r-devel-linux-x86_64-fedora-gcc, r-devel-windows-x86_64, r-patched-linux-x86_64, r-release-linux-x86_64, r-release-macos-arm64, r-release-macos-x86_64, r-release-windows-x86_64, r-oldrel-macos-arm64, r-oldrel-macos-x86_64, r-oldrel-windows-x86_64