CRAN Package Check Results for Package rmsb

Last updated on 2022-10-03 21:53:48 CEST.

Flavor Version Tinstall Tcheck Ttotal Status Flags
r-devel-linux-x86_64-debian-clang 0.1.0 375.92 193.07 568.99 NOTE
r-devel-linux-x86_64-debian-gcc 0.1.0 322.45 158.15 480.60 NOTE
r-devel-linux-x86_64-fedora-clang 0.1.0 704.49 NOTE
r-devel-linux-x86_64-fedora-gcc 0.1.0 798.24 NOTE
r-devel-windows-x86_64 0.1.0 746.00 255.00 1001.00 NOTE
r-patched-linux-x86_64 0.1.0 308.06 195.67 503.73 NOTE
r-release-linux-x86_64 0.1.0 289.95 194.79 484.74 NOTE
r-release-macos-arm64 0.1.0 219.00 NOTE
r-release-macos-x86_64 0.1.0 324.00 NOTE
r-release-windows-x86_64 0.1.0 316.00 257.00 573.00 NOTE
r-oldrel-macos-arm64 0.1.0 171.00 NOTE
r-oldrel-macos-x86_64 0.1.0 245.00 NOTE
r-oldrel-windows-ix86+x86_64 0.1.0 820.00 306.00 1126.00 NOTE

Check Details

Version: 0.1.0
Check: for GNU extensions in Makefiles
Result: NOTE
    GNU make is a SystemRequirements.
Flavors: r-devel-linux-x86_64-debian-clang, r-devel-linux-x86_64-debian-gcc, r-devel-linux-x86_64-fedora-clang, r-devel-linux-x86_64-fedora-gcc, r-devel-windows-x86_64, r-patched-linux-x86_64, r-release-linux-x86_64, r-release-macos-arm64, r-release-macos-x86_64, r-release-windows-x86_64, r-oldrel-macos-arm64, r-oldrel-macos-x86_64, r-oldrel-windows-ix86+x86_64

Version: 0.1.0
Check: dependencies in R code
Result: NOTE
    Namespaces in Imports field not imported from:
     ‘RcppParallel’ ‘rstantools’
     All declared Imports should be used.
Flavors: r-devel-linux-x86_64-fedora-clang, r-devel-linux-x86_64-fedora-gcc, r-release-macos-arm64, r-release-macos-x86_64, r-oldrel-macos-arm64, r-oldrel-macos-x86_64

Version: 0.1.0
Check: Rd cross-references
Result: NOTE
    Undeclared package ‘coda’ in Rd xrefs
Flavor: r-devel-linux-x86_64-fedora-clang

Version: 0.1.0
Check: installed package size
Result: NOTE
     installed size is 53.3Mb
     sub-directories of 1Mb or more:
     libs 52.8Mb
Flavors: r-release-macos-arm64, r-release-macos-x86_64, r-oldrel-macos-arm64, r-oldrel-macos-x86_64, r-oldrel-windows-ix86+x86_64