Last updated on 2023-06-02 22:01:23 CEST.
Flavor | Version | Tinstall | Tcheck | Ttotal | Status | Flags |
---|---|---|---|---|---|---|
r-devel-linux-x86_64-debian-clang | 1.2.5 | 444.07 | 229.76 | 673.83 | NOTE | |
r-devel-linux-x86_64-debian-gcc | 1.2.5 | 372.99 | 198.30 | 571.29 | NOTE | |
r-devel-linux-x86_64-fedora-clang | 1.2.5 | 751.13 | NOTE | |||
r-devel-linux-x86_64-fedora-gcc | 1.2.5 | 999.14 | NOTE | |||
r-devel-windows-x86_64 | 1.2.5 | 319.00 | 219.00 | 538.00 | NOTE | |
r-patched-linux-x86_64 | 1.2.5 | NOTE | ||||
r-release-linux-x86_64 | 1.2.5 | 323.82 | 257.38 | 581.20 | NOTE | |
r-release-macos-arm64 | 1.2.5 | 228.00 | NOTE | |||
r-release-macos-x86_64 | 1.2.5 | 380.00 | NOTE | |||
r-release-windows-x86_64 | 1.2.5 | 419.00 | 282.00 | 701.00 | NOTE | |
r-oldrel-macos-arm64 | 1.2.5 | 241.00 | NOTE | |||
r-oldrel-macos-x86_64 | 1.2.5 | 279.00 | NOTE | |||
r-oldrel-windows-x86_64 | 1.2.5 | 392.00 | 274.00 | 666.00 | NOTE |
Version: 1.2.5
Check: for GNU extensions in Makefiles
Result: NOTE
GNU make is a SystemRequirements.
Flavors: r-devel-linux-x86_64-debian-clang, r-devel-linux-x86_64-debian-gcc, r-devel-linux-x86_64-fedora-clang, r-devel-linux-x86_64-fedora-gcc, r-devel-windows-x86_64, r-patched-linux-x86_64, r-release-linux-x86_64, r-release-macos-arm64, r-release-macos-x86_64, r-release-windows-x86_64, r-oldrel-macos-arm64, r-oldrel-macos-x86_64, r-oldrel-windows-x86_64
Version: 1.2.5
Check: dependencies in R code
Result: NOTE
Namespace in Imports field not imported from: ‘RcppParallel’
All declared Imports should be used.
Flavors: r-devel-linux-x86_64-fedora-clang, r-devel-linux-x86_64-fedora-gcc
Version: 1.2.5
Check: installed package size
Result: NOTE
installed size is 84.1Mb
sub-directories of 1Mb or more:
libs 83.4Mb
Flavors: r-release-macos-arm64, r-release-macos-x86_64, r-oldrel-macos-arm64, r-oldrel-macos-x86_64