Last updated on 2024-03-28 19:48:43 CET.
Flavor | Version | Tinstall | Tcheck | Ttotal | Status | Flags |
---|---|---|---|---|---|---|
r-devel-linux-x86_64-debian-clang | 0.5.0 | 6.26 | 86.38 | 92.64 | NOTE | |
r-devel-linux-x86_64-debian-gcc | 0.5.0 | 5.31 | 66.21 | 71.52 | NOTE | |
r-devel-linux-x86_64-fedora-gcc | 0.5.0 | 128.20 | NOTE | |||
r-devel-windows-x86_64 | 0.5.0 | 6.00 | 82.00 | 88.00 | NOTE | |
r-patched-linux-x86_64 | 0.5.0 | 7.41 | 87.75 | 95.16 | NOTE | |
r-release-linux-x86_64 | 0.5.0 | 4.40 | 79.54 | 83.94 | OK | |
r-release-macos-arm64 | 0.5.0 | 42.00 | OK | |||
r-release-macos-x86_64 | 0.5.0 | 77.00 | OK | |||
r-release-windows-x86_64 | 0.5.0 | 9.00 | 93.00 | 102.00 | OK | |
r-oldrel-macos-arm64 | 0.5.0 | 38.00 | OK | |||
r-oldrel-windows-x86_64 | 0.5.0 | 9.00 | 96.00 | 105.00 | OK |
Version: 0.5.0
Check: Rd files
Result: NOTE
checkRd: (-1) ms_simplify.Rd:36: Lost braces
36 | \url{https://github.com/mbloch/mapshaper/wiki/Simplification-Tips}{link}
| ^
Flavors: r-devel-linux-x86_64-debian-clang, r-devel-linux-x86_64-debian-gcc, r-devel-linux-x86_64-fedora-gcc, r-devel-windows-x86_64, r-patched-linux-x86_64